{"id":938,"date":"2023-01-12T18:29:39","date_gmt":"2023-01-12T17:29:39","guid":{"rendered":"https:\/\/www.vfl-kirchheim.de\/tischtennis\/\/ti-sm-2023-bilder\/"},"modified":"2023-07-12T23:38:18","modified_gmt":"2023-07-12T21:38:18","slug":"ti-sm-2023-bilder","status":"publish","type":"page","link":"https:\/\/www.vfl-kirchheim.de\/tischtennis\/ti-sm-2023-bilder\/","title":{"rendered":"SM_2023_Bilder"},"content":{"rendered":"<p><span style=\"font-size: 18pt;\"><strong>Bilder und Impressionen der Kirchheimer Stadtmeisterschaften 2023<br \/>\n<\/strong><\/span><\/p>\n<table style=\"height: 29px; width: 800px;\">\n<tbody>\n<tr>\n<td style=\"width: 193.917px;\"><strong>\u00a0<\/strong><\/td>\n<td style=\"text-align: right; width: 593.083px;\"><span style=\"font-size: 12pt;\"><a href=\"https:\/\/www.vfl-kirchheim.de\/tischtennis\/\/ti-sm-2023-uebersicht\/\">zur\u00fcck zur \u00dcbersicht<\/a><\/span><\/td>\n<\/tr>\n<\/tbody>\n<\/table>\n<p><br style=\"color: #303f50; font-family: Arial,&amp;quot; arial unicode ms&amp;quot;,helvetica,sans-serif; font-size: 13px; font-style: normal; font-variant: normal; font-weight: 400; letter-spacing: normal; orphans: 2; text-align: left; text-decoration: none; text-indent: 0px; text-transform: none; -webkit-text-stroke-width: 0px; white-space: normal; word-spacing: 0px;\" \/><br style=\"color: #303f50; font-family: Arial,&amp;quot; arial unicode ms&amp;quot;,helvetica,sans-serif; font-size: 13px; font-style: normal; font-variant: normal; font-weight: 400; letter-spacing: normal; orphans: 2; text-align: left; text-decoration: none; text-indent: 0px; text-transform: none; -webkit-text-stroke-width: 0px; white-space: normal; word-spacing: 0px;\" \/><span style=\"font-size: 12pt;\"><strong><span style=\"font-family: arial,helvetica,sans-serif;\">Siegerbilder aller Wettbewerbe<\/span><br \/>\n<\/strong><\/span><\/p>\n<pre style=\"color: #303f50; font-family: Arial,&amp;quot; arial unicode ms&amp;quot;,helvetica,sans-serif; font-size: 13px; font-style: normal; font-variant: normal; font-weight: 400; letter-spacing: normal; orphans: 2; overflow: auto; text-align: left; text-decoration: none; text-indent: 0px; text-transform: none; -webkit-text-stroke-width: 0px; white-space: pre; word-spacing: 0px; padding: 0.1em;\">Bilder folgen in K\u00fcrze<\/pre>\n<p><span style=\"font-family: arial,helvetica,sans-serif; font-size: 12pt;\"><strong>Bilder von Tag 1<\/strong><\/span><\/p>\n<pre style=\"color: #303f50; font-family: Arial,&amp;quot; arial unicode ms&amp;quot;,helvetica,sans-serif; font-size: 13px; font-style: normal; font-variant: normal; font-weight: 400; letter-spacing: normal; orphans: 2; overflow: auto; text-align: left; text-decoration: none; text-indent: 0px; text-transform: none; -webkit-text-stroke-width: 0px; white-space: pre; word-spacing: 0px; padding: 0.1em;\">Bilder folgen in K\u00fcrze<\/pre>\n<pre style=\"color: #303f50; font-family: Arial,&amp;quot; arial unicode ms&amp;quot;,helvetica,sans-serif; font-size: 13px; font-style: normal; font-variant: normal; font-weight: 400; letter-spacing: normal; orphans: 2; overflow: auto; text-align: left; text-decoration: none; text-indent: 0px; text-transform: none; -webkit-text-stroke-width: 0px; white-space: pre; word-spacing: 0px; padding: 0.1em;\"><span style=\"font-size: 12pt;\"><strong><span style=\"font-family: arial,helvetica,sans-serif;\">Bilder von Tag 2<\/span><\/strong><\/span><\/pre>\n<pre style=\"color: #303f50; font-family: Arial,&amp;quot; arial unicode ms&amp;quot;,helvetica,sans-serif; font-size: 13px; font-style: normal; font-variant: normal; font-weight: 400; letter-spacing: normal; orphans: 2; overflow: auto; text-align: left; text-decoration: none; text-indent: 0px; text-transform: none; -webkit-text-stroke-width: 0px; white-space: pre; word-spacing: 0px; padding: 0.1em;\">Bilder folgen in K\u00fcrze<\/pre>\n","protected":false},"excerpt":{"rendered":"<p>Bilder und Impressionen der Kirchheimer Stadtmeisterschaften 2023 \u00a0 zur\u00fcck zur \u00dcbersicht Siegerbilder aller Wettbewerbe Bilder folgen in K\u00fcrze Bilder von Tag 1 Bilder folgen in K\u00fcrze Bilder von Tag 2 Bilder folgen in K\u00fcrze<\/p>\n","protected":false},"author":1,"featured_media":0,"parent":0,"menu_order":1001,"comment_status":"closed","ping_status":"closed","template":"","meta":{"_et_pb_use_builder":"","_et_pb_old_content":"","_et_gb_content_width":"","ngg_post_thumbnail":0},"_links":{"self":[{"href":"https:\/\/www.vfl-kirchheim.de\/tischtennis\/wp-json\/wp\/v2\/pages\/938"}],"collection":[{"href":"https:\/\/www.vfl-kirchheim.de\/tischtennis\/wp-json\/wp\/v2\/pages"}],"about":[{"href":"https:\/\/www.vfl-kirchheim.de\/tischtennis\/wp-json\/wp\/v2\/types\/page"}],"author":[{"embeddable":true,"href":"https:\/\/www.vfl-kirchheim.de\/tischtennis\/wp-json\/wp\/v2\/users\/1"}],"replies":[{"embeddable":true,"href":"https:\/\/www.vfl-kirchheim.de\/tischtennis\/wp-json\/wp\/v2\/comments?post=938"}],"version-history":[{"count":4,"href":"https:\/\/www.vfl-kirchheim.de\/tischtennis\/wp-json\/wp\/v2\/pages\/938\/revisions"}],"predecessor-version":[{"id":1768,"href":"https:\/\/www.vfl-kirchheim.de\/tischtennis\/wp-json\/wp\/v2\/pages\/938\/revisions\/1768"}],"wp:attachment":[{"href":"https:\/\/www.vfl-kirchheim.de\/tischtennis\/wp-json\/wp\/v2\/media?parent=938"}],"curies":[{"name":"wp","href":"https:\/\/api.w.org\/{rel}","templated":true}]}}

<p><span style="font-size: 18pt;"><strong>Bilder und Impressionen der Kirchheimer Stadtmeisterschaften 2023<br />
</strong></span></p>
<table style="height: 29px; width: 800px;">
<tbody>
<tr>
<td style="width: 193.917px;"><strong> </strong></td>
<td style="text-align: right; width: 593.083px;"><span style="font-size: 12pt;"><a href="https://www.vfl-kirchheim.de/tischtennis//ti-sm-2023-uebersicht/">zurück zur Übersicht</a></span></td>
</tr>
</tbody>
</table>
<p><br style="color: #303f50; font-family: Arial,&amp;quot; arial unicode ms&amp;quot;,helvetica,sans-serif; font-size: 13px; font-style: normal; font-variant: normal; font-weight: 400; letter-spacing: normal; orphans: 2; text-align: left; text-decoration: none; text-indent: 0px; text-transform: none; -webkit-text-stroke-width: 0px; white-space: normal; word-spacing: 0px;" /><br style="color: #303f50; font-family: Arial,&amp;quot; arial unicode ms&amp;quot;,helvetica,sans-serif; font-size: 13px; font-style: normal; font-variant: normal; font-weight: 400; letter-spacing: normal; orphans: 2; text-align: left; text-decoration: none; text-indent: 0px; text-transform: none; -webkit-text-stroke-width: 0px; white-space: normal; word-spacing: 0px;" /><span style="font-size: 12pt;"><strong><span style="font-family: arial,helvetica,sans-serif;">Siegerbilder aller Wettbewerbe</span><br />
</strong></span></p>
<pre style="color: #303f50; font-family: Arial,&amp;quot; arial unicode ms&amp;quot;,helvetica,sans-serif; font-size: 13px; font-style: normal; font-variant: normal; font-weight: 400; letter-spacing: normal; orphans: 2; overflow: auto; text-align: left; text-decoration: none; text-indent: 0px; text-transform: none; -webkit-text-stroke-width: 0px; white-space: pre; word-spacing: 0px; padding: 0.1em;">Bilder folgen in Kürze</pre>
<p><span style="font-family: arial,helvetica,sans-serif; font-size: 12pt;"><strong>Bilder von Tag 1</strong></span></p>
<pre style="color: #303f50; font-family: Arial,&amp;quot; arial unicode ms&amp;quot;,helvetica,sans-serif; font-size: 13px; font-style: normal; font-variant: normal; font-weight: 400; letter-spacing: normal; orphans: 2; overflow: auto; text-align: left; text-decoration: none; text-indent: 0px; text-transform: none; -webkit-text-stroke-width: 0px; white-space: pre; word-spacing: 0px; padding: 0.1em;">Bilder folgen in Kürze</pre>
<pre style="color: #303f50; font-family: Arial,&amp;quot; arial unicode ms&amp;quot;,helvetica,sans-serif; font-size: 13px; font-style: normal; font-variant: normal; font-weight: 400; letter-spacing: normal; orphans: 2; overflow: auto; text-align: left; text-decoration: none; text-indent: 0px; text-transform: none; -webkit-text-stroke-width: 0px; white-space: pre; word-spacing: 0px; padding: 0.1em;"><span style="font-size: 12pt;"><strong><span style="font-family: arial,helvetica,sans-serif;">Bilder von Tag 2</span></strong></span></pre>
<pre style="color: #303f50; font-family: Arial,&amp;quot; arial unicode ms&amp;quot;,helvetica,sans-serif; font-size: 13px; font-style: normal; font-variant: normal; font-weight: 400; letter-spacing: normal; orphans: 2; overflow: auto; text-align: left; text-decoration: none; text-indent: 0px; text-transform: none; -webkit-text-stroke-width: 0px; white-space: pre; word-spacing: 0px; padding: 0.1em;">Bilder folgen in Kürze</pre>

<p>Bilder und Impressionen der Kirchheimer Stadtmeisterschaften 2023   zurück zur Übersicht Siegerbilder aller Wettbewerbe Bilder folgen in Kürze Bilder von Tag 1 Bilder folgen in Kürze Bilder von Tag 2 Bilder folgen in Kürze</p>
