{"id":885,"date":"2021-08-22T12:13:03","date_gmt":"2021-08-22T10:13:03","guid":{"rendered":"https:\/\/www.vfl-kirchheim.de\/tischtennis\/\/ti-saison-21-22-damen\/"},"modified":"2023-06-19T08:45:19","modified_gmt":"2023-06-19T06:45:19","slug":"ti-saison-21-22-damen","status":"publish","type":"page","link":"https:\/\/www.vfl-kirchheim.de\/tischtennis\/ti-saison-21-22-damen\/","title":{"rendered":"TI_Saison_21-22_Damen"},"content":{"rendered":"<p style=\"text-align: left;\"><span style=\"font-size: 18pt;\"><span style=\"font-size: 24pt;\"><strong>Damen<\/strong><\/span>\u00a0&#8211; Bezirksklasse\u00a0 2021-22\u00a0\u00a0<\/span><\/p>\n<div style=\"text-align: right;\"><span style=\"font-size: 14pt;\"><a title=\"Zur\u00fcck zur \u00dcbersicht\" href=\"https:\/\/www.vfl-kirchheim.de\/tischtennis\/\/ti-mannschaften-21-22\/\">Zur\u00fcck zur \u00dcbersicht<\/a><\/span><\/div>\n<div>\u00a0<img decoding=\"async\" loading=\"lazy\" class=\" size-full wp-image-884\" style=\"display: block; margin-left: auto; margin-right: auto;\" src=\"https:\/\/www.vfl-kirchheim.de\/tischtennis\/\/wp-content\/uploads\/2021\/08\/Damen_Team_klein.jpg\" alt=\"\" width=\"600\" height=\"450\" srcset=\"https:\/\/www.vfl-kirchheim.de\/tischtennis\/wp-content\/uploads\/2021\/08\/Damen_Team_klein.jpg 600w, https:\/\/www.vfl-kirchheim.de\/tischtennis\/wp-content\/uploads\/2021\/08\/Damen_Team_klein-300x225.jpg 300w\" sizes=\"(max-width: 600px) 100vw, 600px\" \/><\/div>\n<div style=\"text-align: center;\">hinten: Astrid Blankenhorn, Dagmar Burger, Elke K\u00e4rcher-Goll<br \/>vorne: Jasmin Schuster, Rike G\u00f6lz<\/div>\n<p><span style=\"font-size: 14pt;\"><strong>Aufstellung<\/strong><\/span><\/p>\n<table style=\"border-color: #eaff00; height: 171px; margin-left: auto; margin-right: auto;\" width=\"359\" rules=\"none\" cellspacing=\"20\">\n<thead>\n<tr style=\"background-color: #fff700; height: 23px;\">\n<td style=\"text-align: center; width: 81px; height: 23px;\"><span style=\"font-size: 12pt; font-family: arial, helvetica, sans-serif;\"><strong>Rang<\/strong><\/span><\/td>\n<td style=\"text-align: center; width: 81px; height: 23px;\"><span style=\"font-size: 12pt; font-family: arial, helvetica, sans-serif;\"><strong>Q-TTR<\/strong><\/span><\/td>\n<td style=\"text-align: left; width: 181px; height: 23px;\"><span style=\"font-size: 12pt; font-family: arial, helvetica, sans-serif;\"><strong>Name, Vorname<\/strong><\/span><\/td>\n<\/tr>\n<\/thead>\n<tbody>\n<tr style=\"height: 17.5px;\">\n<td style=\"background-color: #e6e6e6; text-align: center; height: 17.5px;\"><span style=\"font-size: 12pt; font-family: arial, helvetica, sans-serif;\">1<\/span><\/td>\n<td style=\"background-color: #e6e6e6; text-align: center; height: 17.5px;\"><span style=\"font-family: arial, helvetica, sans-serif;\"><span style=\"font-size: 16px;\">1339<\/span><\/span><\/td>\n<td style=\"background-color: #e6e6e6; height: 17.5px;\"><span style=\"font-size: 12pt;\">K\u00e4rcher-Goll, Elke<\/span><\/td>\n<\/tr>\n<tr style=\"height: 23px;\">\n<td style=\"text-align: center; width: 81px; height: 23px;\"><span style=\"font-size: 12pt; font-family: arial, helvetica, sans-serif;\">2<\/span><\/td>\n<td style=\"text-align: center; width: 81px; height: 23px;\"><span style=\"font-size: 12pt; font-family: arial, helvetica, sans-serif;\">1344<\/span><\/td>\n<td style=\"width: 181px; height: 23px;\"><span style=\"font-family: arial, helvetica, sans-serif; font-size: 12pt;\">Zimmermann, Tetiana<\/span><\/td>\n<\/tr>\n<tr style=\"height: 23px;\">\n<td style=\"background-color: #e6e6e6; text-align: center; height: 23px;\"><span style=\"font-size: 12pt; font-family: arial, helvetica, sans-serif;\">3<\/span><\/td>\n<td style=\"background-color: #e6e6e6; text-align: center; height: 23px;\"><span style=\"font-size: 12pt; font-family: arial, helvetica, sans-serif;\">1183<\/span><\/td>\n<td style=\"background-color: #e6e6e6; height: 23px;\"><span style=\"font-size: 12pt; font-family: arial, helvetica, sans-serif;\">Blankenhorn, Astrid<\/span><\/td>\n<\/tr>\n<tr style=\"height: 23px;\">\n<td style=\"text-align: center; width: 81px; height: 23px;\"><span style=\"font-size: 12pt; font-family: arial, helvetica, sans-serif;\">4<\/span><\/td>\n<td style=\"text-align: center; width: 81px; height: 23px;\"><span style=\"font-size: 12pt; font-family: arial, helvetica, sans-serif;\">1173<\/span><\/td>\n<td style=\"width: 181px; height: 23px;\"><span style=\"font-size: 12pt;\">Schuster, Jasmin<\/span><\/td>\n<\/tr>\n<tr style=\"height: 23px;\">\n<td style=\"background-color: #e6e6e6; text-align: center; height: 23px;\"><span style=\"font-size: 12pt; font-family: arial, helvetica, sans-serif;\">5<\/span><\/td>\n<td style=\"background-color: #e6e6e6; text-align: center; height: 23px;\"><span style=\"font-size: 12pt; font-family: arial, helvetica, sans-serif;\">1169<\/span><\/td>\n<td style=\"background-color: #e6e6e6; height: 23px;\"><span style=\"font-size: 12pt;\">Burger, Dagmar<\/span><\/td>\n<\/tr>\n<tr style=\"height: 23px;\">\n<td style=\"text-align: center; width: 81px; height: 23px;\"><span style=\"font-size: 12pt; font-family: arial, helvetica, sans-serif;\">6<\/span><\/td>\n<td style=\"text-align: center; width: 81px; height: 23px;\"><span style=\"font-size: 12pt; font-family: arial, helvetica, sans-serif;\">1069<\/span><\/td>\n<td style=\"width: 181px; height: 23px;\"><span style=\"font-size: 12pt;\">G\u00f6lz, Rike<\/span><\/td>\n<\/tr>\n<tr style=\"height: 23px;\">\n<td style=\"background-color: #e6e6e6; text-align: center;\"><span style=\"font-size: 12pt; font-family: arial, helvetica, sans-serif;\">7<\/span><\/td>\n<td style=\"background-color: #e6e6e6; text-align: center;\"><span style=\"font-size: 12pt; font-family: arial, helvetica, sans-serif;\">896<\/span><\/td>\n<td style=\"background-color: #e6e6e6;\"><span style=\"font-size: 12pt;\">Hummel, Martina<\/span><\/td>\n<\/tr>\n<\/tbody>\n<\/table>\n<p><\/p>\n<div style=\"text-align: right;\"><span style=\"font-size: 14pt;\"><a href=\"https:\/\/www.mytischtennis.de\/clicktt\/TTBW\/21-22\/ligen\/Damen-Bezirksklasse\/gruppe\/397200\/tabelle\/gesamt\/\" target=\"_blank\" rel=\"noopener noreferrer\">Tabelle und Spielplan<\/a><\/span><\/div>\n<p><strong><span style=\"font-size: 14pt;\"><br \/>R\u00fcckblick 2020-21<br \/><\/span><\/strong><br \/>Zum Zeitpunkt des pandemiebedingten Saisonabbruchs waren die VfL-Damen mit dem Verlauf der bis dato gespielten Vorrunde recht zufrieden. 6:2 Punkte bedeuteten Rang 2 hinter dem Team aus Neuhausen, gegen das es im letzten Spiel, ausgetragen schon ohne Doppel, eine denkbar knappe 5:7-Niederlage gegeben hatte. Mit einer nach ihrer Babypause wieder fitten Jasmin Schuster w\u00e4re da im weiteren Verlauf der Saison bestimmt noch einiges \u201edrin\u201c gewesen\u2026<\/p>\n<p><span style=\"font-size: 14pt;\"><span style=\"font-size: 14pt;\"><strong>Vorschau 2021-22<\/strong><\/span><\/span><\/p>\n<p style=\"margin: 0cm 0cm 10pt;\">\u00a0<br \/>Nach einem Blick auf die eingereichten Mannschaftsaufstellungen d\u00fcrfte der Meistertitel in der kommenden Saison erneut nur \u00fcber die Mannschaft aus Frickenhausen gehen, sofern diese weitgehend in Bestbesetzung antreten kann. Aber auch das sehr ausgeglichen besetzte Team aus Neckartenzlingen m\u00f6chte sicherlich ein W\u00f6rtchen mitreden, und die zum Zeitpunkt des letztj\u00e4hrigen Saisonabbruchs f\u00fchrenden Damen aus Neuhausen w\u00fcrden bestimmt sehr gerne direkt an die damaligen Ergebnisse ankn\u00fcpfen und sich einen Aufstiegsplatz sichern. Auf jeden Fall verspricht das spannende und \u201eenge\u201c Spiele, immer in der Hoffnung, dass es diesmal Corona-bedingt \u00fcberhaupt eine \u201enormale\u201c Punktspielrunde wird geben k\u00f6nnen.<br \/>Erkl\u00e4rtes Ziel der Kirchheimerinnen ist, wie schon in den Vorjahren, ein Platz im gesicherten Mittelfeld. Von der Papierform her sollte das gut m\u00f6glich sein, vorausgesetzt, alle bleiben von Verletzungen verschont und schaffen es, Familie, Beruf und TT irgendwie unter einen Hut zu bringen. Nach der langen Spiel- und Trainingspause freut sich aber im Grunde jede auf die Abwechslung, die ein Punktspiel und das ganze\u00a0 \u201eDrumrum\u201c so mit sich bringt.<\/p>\n","protected":false},"excerpt":{"rendered":"<p>Damen\u00a0&#8211; Bezirksklasse\u00a0 2021-22\u00a0\u00a0 Zur\u00fcck zur \u00dcbersicht \u00a0 hinten: Astrid Blankenhorn, Dagmar Burger, Elke K\u00e4rcher-Gollvorne: Jasmin Schuster, Rike G\u00f6lz Aufstellung Rang Q-TTR Name, Vorname 1 1339 K\u00e4rcher-Goll, Elke 2 1344 Zimmermann, Tetiana 3 1183 Blankenhorn, Astrid 4 1173 Schuster, Jasmin 5 1169 Burger, Dagmar 6 1069 G\u00f6lz, Rike 7 896 Hummel, Martina Tabelle und Spielplan R\u00fcckblick [&hellip;]<\/p>\n","protected":false},"author":1,"featured_media":884,"parent":0,"menu_order":1026,"comment_status":"closed","ping_status":"closed","template":"","meta":{"_et_pb_use_builder":"","_et_pb_old_content":"","_et_gb_content_width":"","ngg_post_thumbnail":0},"_links":{"self":[{"href":"https:\/\/www.vfl-kirchheim.de\/tischtennis\/wp-json\/wp\/v2\/pages\/885"}],"collection":[{"href":"https:\/\/www.vfl-kirchheim.de\/tischtennis\/wp-json\/wp\/v2\/pages"}],"about":[{"href":"https:\/\/www.vfl-kirchheim.de\/tischtennis\/wp-json\/wp\/v2\/types\/page"}],"author":[{"embeddable":true,"href":"https:\/\/www.vfl-kirchheim.de\/tischtennis\/wp-json\/wp\/v2\/users\/1"}],"replies":[{"embeddable":true,"href":"https:\/\/www.vfl-kirchheim.de\/tischtennis\/wp-json\/wp\/v2\/comments?post=885"}],"version-history":[{"count":1,"href":"https:\/\/www.vfl-kirchheim.de\/tischtennis\/wp-json\/wp\/v2\/pages\/885\/revisions"}],"predecessor-version":[{"id":1066,"href":"https:\/\/www.vfl-kirchheim.de\/tischtennis\/wp-json\/wp\/v2\/pages\/885\/revisions\/1066"}],"wp:featuredmedia":[{"embeddable":true,"href":"https:\/\/www.vfl-kirchheim.de\/tischtennis\/wp-json\/wp\/v2\/media\/884"}],"wp:attachment":[{"href":"https:\/\/www.vfl-kirchheim.de\/tischtennis\/wp-json\/wp\/v2\/media?parent=885"}],"curies":[{"name":"wp","href":"https:\/\/api.w.org\/{rel}","templated":true}]}}