{"id":717,"date":"2018-09-03T18:44:28","date_gmt":"2018-09-03T16:44:28","guid":{"rendered":"https:\/\/www.vfl-kirchheim.de\/tischtennis\/\/ti-saison-18-19-herren2\/"},"modified":"2023-06-05T20:56:57","modified_gmt":"2023-06-05T18:56:57","slug":"ti-saison-18-19-herren2","status":"publish","type":"page","link":"https:\/\/www.vfl-kirchheim.de\/tischtennis\/ti-saison-18-19-herren2\/","title":{"rendered":"TI_Saison_18-19_Herren2"},"content":{"rendered":"<p><\/p>\n<table style=\"height: 405px;\" width=\"915\">\n<tbody>\n<tr>\n<td><span style=\"font-family: arial,helvetica,sans-serif; font-size: 24pt;\"><strong>Herren\u00a02<\/strong> <span style=\"font-size: 18pt;\">&#8211; Landesliga 2018-19<\/span><\/span><\/td>\n<td>\u00a0<\/td>\n<td style=\"text-align: right;\"><a href=\"https:\/\/www.vfl-kirchheim.de\/tischtennis\/\/ti-mannschaften-18-19x\/\">Zur\u00fcck zur \u00dcbersicht<\/a><\/td>\n<\/tr>\n<tr>\n<td><img decoding=\"async\" class=\" size-full wp-image-716\" style=\"display: block; margin-left: auto; margin-right: auto;\" src=\"https:\/\/www.vfl-kirchheim.de\/tischtennis\/\/wp-content\/uploads\/2018\/09\/H2_Team_klein.JPG\" width=\"450\" srcset=\"https:\/\/www.vfl-kirchheim.de\/tischtennis\/wp-content\/uploads\/2018\/09\/H2_Team_klein.JPG 600w, https:\/\/www.vfl-kirchheim.de\/tischtennis\/wp-content\/uploads\/2018\/09\/H2_Team_klein-300x200.jpg 300w\" sizes=\"(max-width: 600px) 100vw, 600px\" \/><\/td>\n<td>\u00a0<\/td>\n<td style=\"text-align: right;\">\n<table style=\"border-color: #fff700; margin-left: auto; margin-right: auto; height: 171px;\" border=\"1\" width=\"359\" rules=\"none\" cellspacing=\"20\">\n<thead>\n<tr style=\"border-color: #fff700; background-color: #fff700;\">\n<td style=\"text-align: center;\" width=\"86\"><strong>Rang<\/strong><\/td>\n<td style=\"text-align: center;\" width=\"86\"><strong>Q-TTR<\/strong><\/td>\n<td style=\"text-align: left;\" width=\"191\"><strong>Name, Vorname<\/strong><\/td>\n<\/tr>\n<\/thead>\n<tbody>\n<tr>\n<td style=\"text-align: center;\">1<\/td>\n<td style=\"text-align: center;\">1932<\/td>\n<td>Holzer, Markus<\/td>\n<\/tr>\n<tr>\n<td style=\"text-align: center;\">2<\/td>\n<td style=\"text-align: center;\">1859<\/td>\n<td>M\u00fcller, Patrick<\/td>\n<\/tr>\n<tr>\n<td style=\"text-align: center;\">3<\/td>\n<td style=\"text-align: center;\">1846<\/td>\n<td>Hohl, Michael<\/td>\n<\/tr>\n<tr>\n<td style=\"text-align: center;\">4<\/td>\n<td style=\"text-align: center;\">1834<\/td>\n<td>Eder, Jan<\/td>\n<\/tr>\n<tr>\n<td style=\"text-align: center;\">5<\/td>\n<td style=\"text-align: center;\">1813<\/td>\n<td>K\u00f6rner, Sven<\/td>\n<\/tr>\n<tr>\n<td style=\"text-align: center;\">6<\/td>\n<td style=\"text-align: center;\">1811<\/td>\n<td>Gl\u00f6ckner, Franz<\/td>\n<\/tr>\n<tr>\n<td style=\"text-align: center;\">7<\/td>\n<td style=\"text-align: center;\">1779<\/td>\n<td>Scholdt, Manfred<\/td>\n<\/tr>\n<\/tbody>\n<\/table>\n<p><strong><span style=\"font-size: 12pt;\">Links:<\/span><\/strong><br \/><a href=\"https:\/\/www.mytischtennis.de\/clicktt\/TTVWH\/18-19\/ligen\/Landesliga-Gr-2\/gruppe\/336279\/tabelle\/gesamt\" target=\"_blank\" rel=\"alternate noopener noreferrer\">Tabelle und Spielplan<\/a><\/td>\n<\/tr>\n<tr>\n<td style=\"text-align: center;\"><span style=\"font-size: 10pt;\">Hinten: P. M\u00fcller, S. K\u00f6rner, M. Hohl, M. Scholdt<br \/>Vorne: M. Holzer, J. Eder, F. Gl\u00f6ckner<br \/><\/span><\/td>\n<td>\u00a0<\/td>\n<td style=\"text-align: right;\">\u00a0<\/td>\n<\/tr>\n<\/tbody>\n<\/table>\n<p><strong><span style=\"font-size: 14pt;\"><br \/>R\u00fcckblick 2017-18<br \/><\/span><\/strong><\/p>\n<p style=\"margin: 0cm 0cm 10pt;\"><span style=\"color: #000000; font-family: Calibri; font-size: medium;\">In der vergangenen Runde hinterlie\u00df die zweite des VFL einen starken Eindruck. Hatte man die Runde davor nur \u00fcber das Nachsitzen der Relegation die Klasse gehalten, landete man mit 26:10 Punkten dieses Mal auf einem guten 4. Platz. Es h\u00e4tte sogar fast zur Aufstiegsrelegation reichen k\u00f6nnen, fehlten am Ende nur zwei Z\u00e4hler zu Platz zwei.<\/span><\/p>\n<p style=\"margin: 0cm 0cm 10pt;\"><span style=\"color: #000000; font-family: Calibri; font-size: medium;\">In der Runde selber gab es einige aufs und abs. So startete man ungl\u00fccklich mit 2:6 Punkten und hatte speziell in der R\u00fcckrunde mit wechselnden Besetzungen zu k\u00e4mpfen. Das Highlight dagegen war in der R\u00fcckrunde das einzige komplette Spiel, in dem man den ansonsten ungeschlagenen Meister Beinstein bezwingen konnte. Speziell in diesem Spiel zeigte sich auch das Potential der Mannschaft, das es auch n\u00e4chste Saison abzurufen gilt.<\/span><\/p>\n<p><span style=\"font-size: 14pt;\"><span style=\"font-size: 14pt;\"><strong>Vorschau 2018-19<\/strong><\/span><\/span><\/p>\n<p><span style=\"font-family: verdana,geneva,sans-serif;\">Hier ein kurzes Briefing unserer Gegner mit kleiner Vorschau und unserer Einsch\u00e4tzung!<\/span><\/p>\n<p><span style=\"font-family: verdana,geneva,sans-serif;\">Als Titelanw\u00e4rter Nummer eins haben wir (vom Papier her) f\u00fcr uns den TSV Wendlingen auserkoren! Egal, wie unsere Stadtnachbarn auftreten, zumindest ein weiteres Ausw\u00e4rtsspiel der kurzen Wege. Von den Kilometern her wird 2018\/19 definitiv die beste Saison seit langem!<\/span><\/p>\n<p><span style=\"font-family: verdana,geneva,sans-serif;\">VfR Birkmannsweiler II: Wie sich der OL-Reserve aus der \u201eWinnender\u201c Vorstadt entwickeln wird, d\u00fcrfte spannend werden. Mit einigen jungen, ambitionierten Spielern gespickt \u2013 sicherlich ein Team, welches im Laufe der Saison auf sich aufmerksam machen d\u00fcrfte.<\/span><\/p>\n<p><span style=\"font-family: verdana,geneva,sans-serif;\">VfL Kirchheim III: Inwieweit es von Vorteil sein soll\/k\u00f6nnte mit zwei Teams in derselben Spielklasse an den Start zu gehen, bleibt abzuwarten! Die Art und Weise bzw. die Souver\u00e4nit\u00e4t, mit der unsere Jungs den Aufstieg klar gemacht, zeigen, dass das Ziel: \u201eNicht-Abstieg\u201c (TTR hin oder her) machbar sein sollte!<\/span><\/p>\n<p><span style=\"font-family: verdana,geneva,sans-serif;\">SV Nabern: Bereits in der vergangenen Saison hatten die \u201eGreens\u201c zum Angriff geblasen, kamen dann jedoch irgendwie so gar nicht in die G\u00e4nge. Bestens vorbereitet, da gut gef\u00fchrt, d\u00fcrften unsere Vorst\u00e4dter &#8211; je nachdem, wie die Saison startet &#8211; deutlich weiter vorne zu finden sein. Ob die jungen Spieler den Durchbruch endlich schaffen, darf mit Spannung verfolgt werden.<\/span><\/p>\n<p><span style=\"font-family: verdana,geneva,sans-serif;\">TSV Musberg: Nach langer Zeit in h\u00f6heren Gefilden hat es die Mannschaft um den fr\u00fcheren Bundesliga- und Abwehrspieler, Hartmut Frank wieder in die Landesliga verschlagen. Durch die Bank weg mit erfahrenen Spielern vertreten, sollte ein vorderer Tabellenplatz m\u00f6glich sein. Auch hier gilt f\u00fcr uns: in Musberg sind wir schnell!<\/span><\/p>\n<p><span style=\"font-family: verdana,geneva,sans-serif;\">TSV Oberbr\u00fcden: Ganz knapp hat es 2017\/18 nicht f\u00fcr den TSVO in die Verbandsklasse S\u00fcd gereicht. Somit d\u00fcrften die Jungs um Captain Daniel Quiram hoch motiviert sein den n\u00e4chsten Versuch zu starten. \u201eAller guten Dinge sind ja bekanntlich drei!\u201c<\/span><\/p>\n<p><span style=\"font-family: verdana,geneva,sans-serif;\">TSV Stuttgart-M\u00fchlhausen: Erst Nachsitzen (Relegation), dann doch endlich Nachr\u00fccken ins gelobte Land der LL2! Mit David Grabenhof als Team-Leader und einer in sich stimmigen Mannschaft, was den Spirit angeht, sollten sich die Jungs aus der \u201eCity\u201c durchaus auch eine Klasse h\u00f6her zurechtfinden.<\/span><\/p>\n<p><span style=\"font-family: verdana,geneva,sans-serif;\">DJK-SB Stuttgart III: Einzig und allein \u201eMatze\u201c Stradinger (fr\u00fcher TV Hochdorf) kommt uns in dieser Aufstellung bekannt vor. Ihren jungen Spielern eine Plattform zu bieten, war das Ziel der SB-Verantwortlichen, die ja doch immer wieder einen Topspieler hervorbringen. Wir sind gespannt, wie sich der direkte Aufsteiger pr\u00e4sentiert.<\/span><\/p>\n<p><span style=\"font-family: verdana,geneva,sans-serif;\">SV Pl\u00fcderhausen II: Eigentlich wie jedes Jahr ein Kandidat f\u00fcr den Titel oder zumindest Rang zwei. Vielleicht schaffen es die Jungs aus dem Remstal ja diese Saison mal \u201ehalbwegs\u201c alle au\u00dfersportlichen Aktivit\u00e4ten (Beruf, Familie, Studium etc.) unter einen gemeinsamen Hut zu bekommen.<\/span><\/p>\n<p style=\"margin: 0cm 0cm 10pt;\"><span style=\"color: #000000; font-family: verdana,geneva,sans-serif; font-size: small;\">TSV Wendlingen: Sollte es tats\u00e4chlich so weit kommen, dass der TSV in einigen Spielern in TTR-Bestbesetzung aufl\u00e4uft, gibt es jeweils richtig \u201eHaue\u201c f\u00fcr die Gegner. Frasch, Behringer, Schlichter &#8211; vor ein paar Jahren verhie\u00df dies noch Regionalliga oder Bundesliga. F\u00fcr uns jedoch alles in allem ein Gewinn f\u00fcr die Liga. Fahrtechnisch tauschen wir immer wieder gerne Murrhardt gegen Wendlingen!<\/span><\/p>\n<p><span style=\"font-size: 14pt;\"><strong><br \/><\/strong><\/span><\/p>\n","protected":false},"excerpt":{"rendered":"<p>Herren\u00a02 &#8211; Landesliga 2018-19 \u00a0 Zur\u00fcck zur \u00dcbersicht \u00a0 Rang Q-TTR Name, Vorname 1 1932 Holzer, Markus 2 1859 M\u00fcller, Patrick 3 1846 Hohl, Michael 4 1834 Eder, Jan 5 1813 K\u00f6rner, Sven 6 1811 Gl\u00f6ckner, Franz 7 1779 Scholdt, Manfred Links:Tabelle und Spielplan Hinten: P. M\u00fcller, S. K\u00f6rner, M. Hohl, M. ScholdtVorne: M. Holzer, [&hellip;]<\/p>\n","protected":false},"author":1,"featured_media":716,"parent":0,"menu_order":1088,"comment_status":"closed","ping_status":"closed","template":"","meta":{"_et_pb_use_builder":"","_et_pb_old_content":"","_et_gb_content_width":"","ngg_post_thumbnail":0},"_links":{"self":[{"href":"https:\/\/www.vfl-kirchheim.de\/tischtennis\/wp-json\/wp\/v2\/pages\/717"}],"collection":[{"href":"https:\/\/www.vfl-kirchheim.de\/tischtennis\/wp-json\/wp\/v2\/pages"}],"about":[{"href":"https:\/\/www.vfl-kirchheim.de\/tischtennis\/wp-json\/wp\/v2\/types\/page"}],"author":[{"embeddable":true,"href":"https:\/\/www.vfl-kirchheim.de\/tischtennis\/wp-json\/wp\/v2\/users\/1"}],"replies":[{"embeddable":true,"href":"https:\/\/www.vfl-kirchheim.de\/tischtennis\/wp-json\/wp\/v2\/comments?post=717"}],"version-history":[{"count":1,"href":"https:\/\/www.vfl-kirchheim.de\/tischtennis\/wp-json\/wp\/v2\/pages\/717\/revisions"}],"predecessor-version":[{"id":1016,"href":"https:\/\/www.vfl-kirchheim.de\/tischtennis\/wp-json\/wp\/v2\/pages\/717\/revisions\/1016"}],"wp:featuredmedia":[{"embeddable":true,"href":"https:\/\/www.vfl-kirchheim.de\/tischtennis\/wp-json\/wp\/v2\/media\/716"}],"wp:attachment":[{"href":"https:\/\/www.vfl-kirchheim.de\/tischtennis\/wp-json\/wp\/v2\/media?parent=717"}],"curies":[{"name":"wp","href":"https:\/\/api.w.org\/{rel}","templated":true}]}}

<p></p>
<table style="height: 405px;" width="915">
<tbody>
<tr>
<td><span style="font-family: arial,helvetica,sans-serif; font-size: 24pt;"><strong>Herren 2</strong> <span style="font-size: 18pt;">&#8211; Landesliga 2018-19</span></span></td>
<td> </td>
<td style="text-align: right;"><a href="https://www.vfl-kirchheim.de/tischtennis//ti-mannschaften-18-19x/">Zurück zur Übersicht</a></td>
</tr>
<tr>
<td><img decoding="async" class=" size-full wp-image-716" style="display: block; margin-left: auto; margin-right: auto;" src="https://www.vfl-kirchheim.de/tischtennis//wp-content/uploads/2018/09/H2_Team_klein.JPG" width="450" srcset="https://www.vfl-kirchheim.de/tischtennis/wp-content/uploads/2018/09/H2_Team_klein.JPG 600w, https://www.vfl-kirchheim.de/tischtennis/wp-content/uploads/2018/09/H2_Team_klein-300x200.jpg 300w" sizes="(max-width: 600px) 100vw, 600px" /></td>
<td> </td>
<td style="text-align: right;">
<table style="border-color: #fff700; margin-left: auto; margin-right: auto; height: 171px;" border="1" width="359" rules="none" cellspacing="20">
<thead>
<tr style="border-color: #fff700; background-color: #fff700;">
<td style="text-align: center;" width="86"><strong>Rang</strong></td>
<td style="text-align: center;" width="86"><strong>Q-TTR</strong></td>
<td style="text-align: left;" width="191"><strong>Name, Vorname</strong></td>
</tr>
</thead>
<tbody>
<tr>
<td style="text-align: center;">1</td>
<td style="text-align: center;">1932</td>
<td>Holzer, Markus</td>
</tr>
<tr>
<td style="text-align: center;">2</td>
<td style="text-align: center;">1859</td>
<td>Müller, Patrick</td>
</tr>
<tr>
<td style="text-align: center;">3</td>
<td style="text-align: center;">1846</td>
<td>Hohl, Michael</td>
</tr>
<tr>
<td style="text-align: center;">4</td>
<td style="text-align: center;">1834</td>
<td>Eder, Jan</td>
</tr>
<tr>
<td style="text-align: center;">5</td>
<td style="text-align: center;">1813</td>
<td>Körner, Sven</td>
</tr>
<tr>
<td style="text-align: center;">6</td>
<td style="text-align: center;">1811</td>
<td>Glöckner, Franz</td>
</tr>
<tr>
<td style="text-align: center;">7</td>
<td style="text-align: center;">1779</td>
<td>Scholdt, Manfred</td>
</tr>
</tbody>
</table>
<p><strong><span style="font-size: 12pt;">Links:</span></strong><br /><a href="https://www.mytischtennis.de/clicktt/TTVWH/18-19/ligen/Landesliga-Gr-2/gruppe/336279/tabelle/gesamt" target="_blank" rel="alternate noopener noreferrer">Tabelle und Spielplan</a></td>
</tr>
<tr>
<td style="text-align: center;"><span style="font-size: 10pt;">Hinten: P. Müller, S. Körner, M. Hohl, M. Scholdt<br />Vorne: M. Holzer, J. Eder, F. Glöckner<br /></span></td>
<td> </td>
<td style="text-align: right;"> </td>
</tr>
</tbody>
</table>
<p><strong><span style="font-size: 14pt;"><br />Rückblick 2017-18<br /></span></strong></p>
<p style="margin: 0cm 0cm 10pt;"><span style="color: #000000; font-family: Calibri; font-size: medium;">In der vergangenen Runde hinterließ die zweite des VFL einen starken Eindruck. Hatte man die Runde davor nur über das Nachsitzen der Relegation die Klasse gehalten, landete man mit 26:10 Punkten dieses Mal auf einem guten 4. Platz. Es hätte sogar fast zur Aufstiegsrelegation reichen können, fehlten am Ende nur zwei Zähler zu Platz zwei.</span></p>
<p style="margin: 0cm 0cm 10pt;"><span style="color: #000000; font-family: Calibri; font-size: medium;">In der Runde selber gab es einige aufs und abs. So startete man unglücklich mit 2:6 Punkten und hatte speziell in der Rückrunde mit wechselnden Besetzungen zu kämpfen. Das Highlight dagegen war in der Rückrunde das einzige komplette Spiel, in dem man den ansonsten ungeschlagenen Meister Beinstein bezwingen konnte. Speziell in diesem Spiel zeigte sich auch das Potential der Mannschaft, das es auch nächste Saison abzurufen gilt.</span></p>
<p><span style="font-size: 14pt;"><span style="font-size: 14pt;"><strong>Vorschau 2018-19</strong></span></span></p>
<p><span style="font-family: verdana,geneva,sans-serif;">Hier ein kurzes Briefing unserer Gegner mit kleiner Vorschau und unserer Einschätzung!</span></p>
<p><span style="font-family: verdana,geneva,sans-serif;">Als Titelanwärter Nummer eins haben wir (vom Papier her) für uns den TSV Wendlingen auserkoren! Egal, wie unsere Stadtnachbarn auftreten, zumindest ein weiteres Auswärtsspiel der kurzen Wege. Von den Kilometern her wird 2018/19 definitiv die beste Saison seit langem!</span></p>
<p><span style="font-family: verdana,geneva,sans-serif;">VfR Birkmannsweiler II: Wie sich der OL-Reserve aus der „Winnender“ Vorstadt entwickeln wird, dürfte spannend werden. Mit einigen jungen, ambitionierten Spielern gespickt – sicherlich ein Team, welches im Laufe der Saison auf sich aufmerksam machen dürfte.</span></p>
<p><span style="font-family: verdana,geneva,sans-serif;">VfL Kirchheim III: Inwieweit es von Vorteil sein soll/könnte mit zwei Teams in derselben Spielklasse an den Start zu gehen, bleibt abzuwarten! Die Art und Weise bzw. die Souveränität, mit der unsere Jungs den Aufstieg klar gemacht, zeigen, dass das Ziel: „Nicht-Abstieg“ (TTR hin oder her) machbar sein sollte!</span></p>
<p><span style="font-family: verdana,geneva,sans-serif;">SV Nabern: Bereits in der vergangenen Saison hatten die „Greens“ zum Angriff geblasen, kamen dann jedoch irgendwie so gar nicht in die Gänge. Bestens vorbereitet, da gut geführt, dürften unsere Vorstädter &#8211; je nachdem, wie die Saison startet &#8211; deutlich weiter vorne zu finden sein. Ob die jungen Spieler den Durchbruch endlich schaffen, darf mit Spannung verfolgt werden.</span></p>
<p><span style="font-family: verdana,geneva,sans-serif;">TSV Musberg: Nach langer Zeit in höheren Gefilden hat es die Mannschaft um den früheren Bundesliga- und Abwehrspieler, Hartmut Frank wieder in die Landesliga verschlagen. Durch die Bank weg mit erfahrenen Spielern vertreten, sollte ein vorderer Tabellenplatz möglich sein. Auch hier gilt für uns: in Musberg sind wir schnell!</span></p>
<p><span style="font-family: verdana,geneva,sans-serif;">TSV Oberbrüden: Ganz knapp hat es 2017/18 nicht für den TSVO in die Verbandsklasse Süd gereicht. Somit dürften die Jungs um Captain Daniel Quiram hoch motiviert sein den nächsten Versuch zu starten. „Aller guten Dinge sind ja bekanntlich drei!“</span></p>
<p><span style="font-family: verdana,geneva,sans-serif;">TSV Stuttgart-Mühlhausen: Erst Nachsitzen (Relegation), dann doch endlich Nachrücken ins gelobte Land der LL2! Mit David Grabenhof als Team-Leader und einer in sich stimmigen Mannschaft, was den Spirit angeht, sollten sich die Jungs aus der „City“ durchaus auch eine Klasse höher zurechtfinden.</span></p>
<p><span style="font-family: verdana,geneva,sans-serif;">DJK-SB Stuttgart III: Einzig und allein „Matze“ Stradinger (früher TV Hochdorf) kommt uns in dieser Aufstellung bekannt vor. Ihren jungen Spielern eine Plattform zu bieten, war das Ziel der SB-Verantwortlichen, die ja doch immer wieder einen Topspieler hervorbringen. Wir sind gespannt, wie sich der direkte Aufsteiger präsentiert.</span></p>
<p><span style="font-family: verdana,geneva,sans-serif;">SV Plüderhausen II: Eigentlich wie jedes Jahr ein Kandidat für den Titel oder zumindest Rang zwei. Vielleicht schaffen es die Jungs aus dem Remstal ja diese Saison mal „halbwegs“ alle außersportlichen Aktivitäten (Beruf, Familie, Studium etc.) unter einen gemeinsamen Hut zu bekommen.</span></p>
<p style="margin: 0cm 0cm 10pt;"><span style="color: #000000; font-family: verdana,geneva,sans-serif; font-size: small;">TSV Wendlingen: Sollte es tatsächlich so weit kommen, dass der TSV in einigen Spielern in TTR-Bestbesetzung aufläuft, gibt es jeweils richtig „Haue“ für die Gegner. Frasch, Behringer, Schlichter &#8211; vor ein paar Jahren verhieß dies noch Regionalliga oder Bundesliga. Für uns jedoch alles in allem ein Gewinn für die Liga. Fahrtechnisch tauschen wir immer wieder gerne Murrhardt gegen Wendlingen!</span></p>
<p><span style="font-size: 14pt;"><strong><br /></strong></span></p>

<p>Herren 2 &#8211; Landesliga 2018-19   Zurück zur Übersicht   Rang Q-TTR Name, Vorname 1 1932 Holzer, Markus 2 1859 Müller, Patrick 3 1846 Hohl, Michael 4 1834 Eder, Jan 5 1813 Körner, Sven 6 1811 Glöckner, Franz 7 1779 Scholdt, Manfred Links:Tabelle und Spielplan Hinten: P. Müller, S. Körner, M. Hohl, M. ScholdtVorne: M. Holzer, [&hellip;]</p>
