{"id":672,"date":"2017-08-30T23:17:01","date_gmt":"2017-08-30T21:17:01","guid":{"rendered":"https:\/\/www.vfl-kirchheim.de\/tischtennis\/\/ti-saison17-18-jungenu15-2\/"},"modified":"2023-06-05T20:54:10","modified_gmt":"2023-06-05T18:54:10","slug":"ti-saison17-18-jungenu15-2","status":"publish","type":"page","link":"https:\/\/www.vfl-kirchheim.de\/tischtennis\/ti-saison17-18-jungenu15-2\/","title":{"rendered":"TI_Saison17-18_JungenU15-2"},"content":{"rendered":"<p><\/p>\n<table style=\"height: 405px;\" width=\"915\">\n<tbody>\n<tr>\n<td><span style=\"font-family: arial,helvetica,sans-serif; font-size: 24pt;\"><strong>Jungen U15-2<\/strong> <span style=\"font-size: 18pt;\">&#8211; Bezirksklasse 2017-18<\/span><\/span><\/td>\n<td>\u00a0<\/td>\n<td style=\"text-align: right;\"><a href=\"https:\/\/www.vfl-kirchheim.de\/tischtennis\/\/ti-mannschaften-17-18\/\" rel=\"alternate\">zur\u00fcck zur \u00dcbersicht<\/a><\/td>\n<\/tr>\n<tr>\n<td><img decoding=\"async\" class=\" size-full wp-image-671\" src=\"https:\/\/www.vfl-kirchheim.de\/tischtennis\/\/wp-content\/uploads\/2017\/08\/U15-2_Team17-18.jpeg\" alt=\"\" width=\"500\" srcset=\"https:\/\/www.vfl-kirchheim.de\/tischtennis\/wp-content\/uploads\/2017\/08\/U15-2_Team17-18.jpeg 532w, https:\/\/www.vfl-kirchheim.de\/tischtennis\/wp-content\/uploads\/2017\/08\/U15-2_Team17-18-300x225.jpeg 300w\" sizes=\"(max-width: 532px) 100vw, 532px\" \/><\/td>\n<td>\u00a0<\/td>\n<td style=\"text-align: right;\">\n<table style=\"border-color: #fff700; margin-left: auto; margin-right: auto; height: 145px;\" border=\"1\" width=\"358\" rules=\"none\" cellspacing=\"20\">\n<thead>\n<tr style=\"border-color: #fff700; background-color: #fff700;\">\n<td style=\"text-align: center;\" width=\"86\"><strong>Rang<\/strong><\/td>\n<td style=\"text-align: center;\" width=\"86\"><strong>Q-TTR<\/strong><\/td>\n<td style=\"text-align: left;\" width=\"191\"><strong>Name, Vorname<\/strong><\/td>\n<\/tr>\n<\/thead>\n<tbody>\n<tr>\n<td style=\"text-align: center;\">1<\/td>\n<td style=\"text-align: center;\">932<\/td>\n<td>Navarro Alonso, Manolo<\/td>\n<\/tr>\n<tr>\n<td style=\"text-align: center;\">2<\/td>\n<td style=\"text-align: center;\">891<\/td>\n<td>Pregizer, Kai<\/td>\n<\/tr>\n<tr>\n<td style=\"text-align: center;\">3<\/td>\n<td style=\"text-align: center;\">838<\/td>\n<td>Sautter, Vitus<\/td>\n<\/tr>\n<tr>\n<td style=\"text-align: center;\">4<\/td>\n<td style=\"text-align: center;\">818<\/td>\n<td>Kungel, Tobias<\/td>\n<\/tr>\n<tr>\n<td style=\"text-align: center;\">5<\/td>\n<td style=\"text-align: center;\">783<\/td>\n<td>Hangleiter, Luis<\/td>\n<\/tr>\n<tr>\n<td style=\"text-align: center;\">6<\/td>\n<td style=\"text-align: center;\">&#8211;<\/td>\n<td>Ritter, Lukas<\/td>\n<\/tr>\n<tr>\n<td style=\"text-align: center;\">7<\/td>\n<td style=\"text-align: center;\">&#8211;<\/td>\n<td>Zauner, Aaron<\/td>\n<\/tr>\n<tr>\n<td style=\"text-align: center;\">8<\/td>\n<td style=\"text-align: center;\">&#8211;<\/td>\n<td>Chaudry, Abdullah<\/td>\n<\/tr>\n<\/tbody>\n<\/table>\n<p><strong><span style=\"font-size: 12pt;\">Links:<\/span><\/strong><br \/><a href=\"http:\/\/ttvwh.click-tt.de\/cgi-bin\/WebObjects\/nuLigaTTDE.woa\/wa\/groupPage?championship=SK+Bez.+ES+17%2F18&amp;group=312179\" target=\"_blank\" rel=\"alternate noopener\">Tabelle und Spielplan<\/a><\/td>\n<\/tr>\n<tr>\n<td style=\"text-align: center;\"><span style=\"font-size: 10pt;\">\u00a0<\/span><\/td>\n<td>\u00a0<\/td>\n<td style=\"text-align: right;\">\u00a0<\/td>\n<\/tr>\n<\/tbody>\n<\/table>\n<p><strong><span style=\"font-size: 14pt;\"><br \/>R\u00fcckblick 2016-17<br \/><\/span><\/strong><br \/>Der Aufschwung bei der Jugend des VfL macht sich v.a. bei der U15 bemerkbar. Konnte letztes Jahr nach einer Pause endlich wieder eine U15-Mannschaft gemeldet werden, sind es in der kommenden Runde sogar zwei. Die bis auf Christian noch unerfahrenen Spieler der letztj\u00e4hrigen U15 schlugen sich auf Anhieb in der Kreisklasse sehr gut und konnten in der Abschlusstabelle den 4. Platz belegen. Dieser berechtigte durch Ver\u00e4nderungen bei anderen Vereinen sogar zum Aufstieg in die n\u00e4chsth\u00f6here Klasse. Damit erhielt der VfL die Chance, eine U15 in der Bezirksliga und eine in der Bezirksklasse (ehem. Kreisklasse) zu melden.<\/p>\n<p><span style=\"font-size: 14pt;\"><strong>Vorschau 2017-18<br \/><\/strong><\/span><br \/>Die zweite U15 besteht im Wesentlichen aus den bew\u00e4hrten Spielern der letztj\u00e4hrigen Mannschaft. Allerdings stehen dahinter schon zahlreiche ehrgeizige junge Spieler bereit, die alle im Laufe der Saison ihre Chance in der Mannschaft bekommen werden. Die vielen motivierten Spieler machen es f\u00fcr die Betreuer nicht einfach, jedem mit ausreichend Einsatzzeit gerecht zu werden. <\/p>\n","protected":false},"excerpt":{"rendered":"<p>Jungen U15-2 &#8211; Bezirksklasse 2017-18 \u00a0 zur\u00fcck zur \u00dcbersicht \u00a0 Rang Q-TTR Name, Vorname 1 932 Navarro Alonso, Manolo 2 891 Pregizer, Kai 3 838 Sautter, Vitus 4 818 Kungel, Tobias 5 783 Hangleiter, Luis 6 &#8211; Ritter, Lukas 7 &#8211; Zauner, Aaron 8 &#8211; Chaudry, Abdullah Links:Tabelle und Spielplan \u00a0 \u00a0 \u00a0 R\u00fcckblick 2016-17Der [&hellip;]<\/p>\n","protected":false},"author":1,"featured_media":671,"parent":0,"menu_order":1104,"comment_status":"closed","ping_status":"closed","template":"","meta":{"_et_pb_use_builder":"","_et_pb_old_content":"","_et_gb_content_width":"","ngg_post_thumbnail":0},"_links":{"self":[{"href":"https:\/\/www.vfl-kirchheim.de\/tischtennis\/wp-json\/wp\/v2\/pages\/672"}],"collection":[{"href":"https:\/\/www.vfl-kirchheim.de\/tischtennis\/wp-json\/wp\/v2\/pages"}],"about":[{"href":"https:\/\/www.vfl-kirchheim.de\/tischtennis\/wp-json\/wp\/v2\/types\/page"}],"author":[{"embeddable":true,"href":"https:\/\/www.vfl-kirchheim.de\/tischtennis\/wp-json\/wp\/v2\/users\/1"}],"replies":[{"embeddable":true,"href":"https:\/\/www.vfl-kirchheim.de\/tischtennis\/wp-json\/wp\/v2\/comments?post=672"}],"version-history":[{"count":1,"href":"https:\/\/www.vfl-kirchheim.de\/tischtennis\/wp-json\/wp\/v2\/pages\/672\/revisions"}],"predecessor-version":[{"id":1010,"href":"https:\/\/www.vfl-kirchheim.de\/tischtennis\/wp-json\/wp\/v2\/pages\/672\/revisions\/1010"}],"wp:featuredmedia":[{"embeddable":true,"href":"https:\/\/www.vfl-kirchheim.de\/tischtennis\/wp-json\/wp\/v2\/media\/671"}],"wp:attachment":[{"href":"https:\/\/www.vfl-kirchheim.de\/tischtennis\/wp-json\/wp\/v2\/media?parent=672"}],"curies":[{"name":"wp","href":"https:\/\/api.w.org\/{rel}","templated":true}]}}

<p></p>
<table style="height: 405px;" width="915">
<tbody>
<tr>
<td><span style="font-family: arial,helvetica,sans-serif; font-size: 24pt;"><strong>Jungen U15-2</strong> <span style="font-size: 18pt;">&#8211; Bezirksklasse 2017-18</span></span></td>
<td> </td>
<td style="text-align: right;"><a href="https://www.vfl-kirchheim.de/tischtennis//ti-mannschaften-17-18/" rel="alternate">zurück zur Übersicht</a></td>
</tr>
<tr>
<td><img decoding="async" class=" size-full wp-image-671" src="https://www.vfl-kirchheim.de/tischtennis//wp-content/uploads/2017/08/U15-2_Team17-18.jpeg" alt="" width="500" srcset="https://www.vfl-kirchheim.de/tischtennis/wp-content/uploads/2017/08/U15-2_Team17-18.jpeg 532w, https://www.vfl-kirchheim.de/tischtennis/wp-content/uploads/2017/08/U15-2_Team17-18-300x225.jpeg 300w" sizes="(max-width: 532px) 100vw, 532px" /></td>
<td> </td>
<td style="text-align: right;">
<table style="border-color: #fff700; margin-left: auto; margin-right: auto; height: 145px;" border="1" width="358" rules="none" cellspacing="20">
<thead>
<tr style="border-color: #fff700; background-color: #fff700;">
<td style="text-align: center;" width="86"><strong>Rang</strong></td>
<td style="text-align: center;" width="86"><strong>Q-TTR</strong></td>
<td style="text-align: left;" width="191"><strong>Name, Vorname</strong></td>
</tr>
</thead>
<tbody>
<tr>
<td style="text-align: center;">1</td>
<td style="text-align: center;">932</td>
<td>Navarro Alonso, Manolo</td>
</tr>
<tr>
<td style="text-align: center;">2</td>
<td style="text-align: center;">891</td>
<td>Pregizer, Kai</td>
</tr>
<tr>
<td style="text-align: center;">3</td>
<td style="text-align: center;">838</td>
<td>Sautter, Vitus</td>
</tr>
<tr>
<td style="text-align: center;">4</td>
<td style="text-align: center;">818</td>
<td>Kungel, Tobias</td>
</tr>
<tr>
<td style="text-align: center;">5</td>
<td style="text-align: center;">783</td>
<td>Hangleiter, Luis</td>
</tr>
<tr>
<td style="text-align: center;">6</td>
<td style="text-align: center;">&#8211;</td>
<td>Ritter, Lukas</td>
</tr>
<tr>
<td style="text-align: center;">7</td>
<td style="text-align: center;">&#8211;</td>
<td>Zauner, Aaron</td>
</tr>
<tr>
<td style="text-align: center;">8</td>
<td style="text-align: center;">&#8211;</td>
<td>Chaudry, Abdullah</td>
</tr>
</tbody>
</table>
<p><strong><span style="font-size: 12pt;">Links:</span></strong><br /><a href="http://ttvwh.click-tt.de/cgi-bin/WebObjects/nuLigaTTDE.woa/wa/groupPage?championship=SK+Bez.+ES+17%2F18&amp;group=312179" target="_blank" rel="alternate noopener">Tabelle und Spielplan</a></td>
</tr>
<tr>
<td style="text-align: center;"><span style="font-size: 10pt;"> </span></td>
<td> </td>
<td style="text-align: right;"> </td>
</tr>
</tbody>
</table>
<p><strong><span style="font-size: 14pt;"><br />Rückblick 2016-17<br /></span></strong><br />Der Aufschwung bei der Jugend des VfL macht sich v.a. bei der U15 bemerkbar. Konnte letztes Jahr nach einer Pause endlich wieder eine U15-Mannschaft gemeldet werden, sind es in der kommenden Runde sogar zwei. Die bis auf Christian noch unerfahrenen Spieler der letztjährigen U15 schlugen sich auf Anhieb in der Kreisklasse sehr gut und konnten in der Abschlusstabelle den 4. Platz belegen. Dieser berechtigte durch Veränderungen bei anderen Vereinen sogar zum Aufstieg in die nächsthöhere Klasse. Damit erhielt der VfL die Chance, eine U15 in der Bezirksliga und eine in der Bezirksklasse (ehem. Kreisklasse) zu melden.</p>
<p><span style="font-size: 14pt;"><strong>Vorschau 2017-18<br /></strong></span><br />Die zweite U15 besteht im Wesentlichen aus den bewährten Spielern der letztjährigen Mannschaft. Allerdings stehen dahinter schon zahlreiche ehrgeizige junge Spieler bereit, die alle im Laufe der Saison ihre Chance in der Mannschaft bekommen werden. Die vielen motivierten Spieler machen es für die Betreuer nicht einfach, jedem mit ausreichend Einsatzzeit gerecht zu werden. </p>

<p>Jungen U15-2 &#8211; Bezirksklasse 2017-18   zurück zur Übersicht   Rang Q-TTR Name, Vorname 1 932 Navarro Alonso, Manolo 2 891 Pregizer, Kai 3 838 Sautter, Vitus 4 818 Kungel, Tobias 5 783 Hangleiter, Luis 6 &#8211; Ritter, Lukas 7 &#8211; Zauner, Aaron 8 &#8211; Chaudry, Abdullah Links:Tabelle und Spielplan       Rückblick 2016-17Der [&hellip;]</p>
