{"id":670,"date":"2017-08-30T23:08:06","date_gmt":"2017-08-30T21:08:06","guid":{"rendered":"https:\/\/www.vfl-kirchheim.de\/tischtennis\/\/ti-saison17-18-jungenu15-1\/"},"modified":"2023-06-05T20:54:15","modified_gmt":"2023-06-05T18:54:15","slug":"ti-saison17-18-jungenu15-1","status":"publish","type":"page","link":"https:\/\/www.vfl-kirchheim.de\/tischtennis\/ti-saison17-18-jungenu15-1\/","title":{"rendered":"TI_Saison17-18_JungenU15-1"},"content":{"rendered":"<p><\/p>\n<table style=\"height: 405px;\" width=\"915\">\n<tbody>\n<tr>\n<td><span style=\"font-family: arial,helvetica,sans-serif; font-size: 24pt;\"><strong>Jungen U15-1<\/strong> <span style=\"font-size: 18pt;\">&#8211; Bezirksliga 2017-18<\/span><\/span><\/td>\n<td>\u00a0<\/td>\n<td style=\"text-align: right;\"><a href=\"https:\/\/www.vfl-kirchheim.de\/tischtennis\/\/ti-mannschaften-17-18\/\" rel=\"alternate\">zur\u00fcck zur \u00dcbersicht<\/a><\/td>\n<\/tr>\n<tr>\n<td><img decoding=\"async\" class=\" size-full wp-image-669\" src=\"https:\/\/www.vfl-kirchheim.de\/tischtennis\/\/wp-content\/uploads\/2017\/08\/U15-1_Team17-18.JPG\" alt=\"\" width=\"500\" srcset=\"https:\/\/www.vfl-kirchheim.de\/tischtennis\/wp-content\/uploads\/2017\/08\/U15-1_Team17-18.JPG 532w, https:\/\/www.vfl-kirchheim.de\/tischtennis\/wp-content\/uploads\/2017\/08\/U15-1_Team17-18-300x225.jpg 300w\" sizes=\"(max-width: 532px) 100vw, 532px\" \/><\/td>\n<td>\u00a0<\/td>\n<td style=\"text-align: right;\">\n<table style=\"border-color: #fff700; margin-left: auto; margin-right: auto; height: 145px;\" border=\"1\" width=\"358\" rules=\"none\" cellspacing=\"20\">\n<thead>\n<tr style=\"border-color: #fff700; background-color: #fff700;\">\n<td style=\"text-align: center;\" width=\"86\"><strong>Rang<\/strong><\/td>\n<td style=\"text-align: center;\" width=\"86\"><strong>Q-TTR<\/strong><\/td>\n<td style=\"text-align: left;\" width=\"191\"><strong>Name, Vorname<\/strong><\/td>\n<\/tr>\n<\/thead>\n<tbody>\n<tr>\n<td style=\"text-align: center;\">1<\/td>\n<td style=\"text-align: center;\">1029<\/td>\n<td>Gl\u00f6ckner, Christian<\/td>\n<\/tr>\n<tr>\n<td style=\"text-align: center;\">2<\/td>\n<td style=\"text-align: center;\">911<\/td>\n<td>Steinh\u00fcbl, Sebastian<\/td>\n<\/tr>\n<tr>\n<td style=\"text-align: center;\">3<\/td>\n<td style=\"text-align: center;\">974<\/td>\n<td>H\u00e4user, David<\/td>\n<\/tr>\n<tr>\n<td style=\"text-align: center;\">4<\/td>\n<td style=\"text-align: center;\">&#8211;<\/td>\n<td>Steinh\u00fcbl, Kilian<\/td>\n<\/tr>\n<\/tbody>\n<\/table>\n<p><strong><span style=\"font-size: 12pt;\">Links:<\/span><\/strong><br \/><a href=\"http:\/\/ttvwh.click-tt.de\/cgi-bin\/WebObjects\/nuLigaTTDE.woa\/wa\/groupPage?championship=SK+Bez.+ES+17%2F18&amp;group=312177\" target=\"_blank\" rel=\"alternate noopener\">Tabelle und Spielplan<\/a><\/td>\n<\/tr>\n<tr>\n<td style=\"text-align: center;\"><span style=\"font-size: 10pt;\">C. Gl\u00f6ckner, S. Steinh\u00fcbl, D. H\u00e4user, K. Steinh\u00fcbl<br \/><\/span><\/td>\n<td>\u00a0<\/td>\n<td style=\"text-align: right;\">\u00a0<\/td>\n<\/tr>\n<\/tbody>\n<\/table>\n<p><strong><span style=\"font-size: 14pt;\"><br \/>R\u00fcckblick 2016-17<br \/><\/span><\/strong><br \/>Der Aufschwung bei der Jugend des VfL macht sich v.a. bei der U15 bemerkbar. Konnte letztes Jahr nach einer Pause endlich wieder eine U15-Mannschaft gemeldet werden, sind es in der kommenden Runde sogar zwei. Die bis auf Christian noch unerfahrenen Spieler der letztj\u00e4hrigen U15 schlugen sich auf Anhieb in der Kreisklasse sehr gut und konnten in der Abschlusstabelle den 4. Platz belegen. Dieser berechtigte durch Ver\u00e4nderungen bei anderen Vereinen sogar zum Aufstieg in die n\u00e4chsth\u00f6here Klasse. Damit erhielt der VfL die Chance, eine U15 in der Bezirksliga und eine in der Bezirksklasse (ehem. Kreisklasse) zu melden.<\/p>\n<p><span style=\"font-size: 14pt;\"><strong>Vorschau 2017-18<br \/><\/strong><\/span><br \/>In der noch sehr jungen ersten U15-Mannschaft spielen mit Sebastian, David und Kilian insgesamt drei Spieler, die auch noch U12 spielen k\u00f6nnten. Zusammen mit Christian, der nicht nur spielerisch sondern auch mit seiner Erfahrung das Team anf\u00fchrt, ist den trainingsflei\u00dfigen Jungs in der Bezirksliga ein Platz im Mittelfeld zuzutrauen. <\/p>\n","protected":false},"excerpt":{"rendered":"<p>Jungen U15-1 &#8211; Bezirksliga 2017-18 \u00a0 zur\u00fcck zur \u00dcbersicht \u00a0 Rang Q-TTR Name, Vorname 1 1029 Gl\u00f6ckner, Christian 2 911 Steinh\u00fcbl, Sebastian 3 974 H\u00e4user, David 4 &#8211; Steinh\u00fcbl, Kilian Links:Tabelle und Spielplan C. Gl\u00f6ckner, S. Steinh\u00fcbl, D. H\u00e4user, K. Steinh\u00fcbl \u00a0 \u00a0 R\u00fcckblick 2016-17Der Aufschwung bei der Jugend des VfL macht sich v.a. bei [&hellip;]<\/p>\n","protected":false},"author":1,"featured_media":669,"parent":0,"menu_order":1105,"comment_status":"closed","ping_status":"closed","template":"","meta":{"_et_pb_use_builder":"","_et_pb_old_content":"","_et_gb_content_width":"","ngg_post_thumbnail":0},"_links":{"self":[{"href":"https:\/\/www.vfl-kirchheim.de\/tischtennis\/wp-json\/wp\/v2\/pages\/670"}],"collection":[{"href":"https:\/\/www.vfl-kirchheim.de\/tischtennis\/wp-json\/wp\/v2\/pages"}],"about":[{"href":"https:\/\/www.vfl-kirchheim.de\/tischtennis\/wp-json\/wp\/v2\/types\/page"}],"author":[{"embeddable":true,"href":"https:\/\/www.vfl-kirchheim.de\/tischtennis\/wp-json\/wp\/v2\/users\/1"}],"replies":[{"embeddable":true,"href":"https:\/\/www.vfl-kirchheim.de\/tischtennis\/wp-json\/wp\/v2\/comments?post=670"}],"version-history":[{"count":1,"href":"https:\/\/www.vfl-kirchheim.de\/tischtennis\/wp-json\/wp\/v2\/pages\/670\/revisions"}],"predecessor-version":[{"id":1009,"href":"https:\/\/www.vfl-kirchheim.de\/tischtennis\/wp-json\/wp\/v2\/pages\/670\/revisions\/1009"}],"wp:featuredmedia":[{"embeddable":true,"href":"https:\/\/www.vfl-kirchheim.de\/tischtennis\/wp-json\/wp\/v2\/media\/669"}],"wp:attachment":[{"href":"https:\/\/www.vfl-kirchheim.de\/tischtennis\/wp-json\/wp\/v2\/media?parent=670"}],"curies":[{"name":"wp","href":"https:\/\/api.w.org\/{rel}","templated":true}]}}

<p></p>
<table style="height: 405px;" width="915">
<tbody>
<tr>
<td><span style="font-family: arial,helvetica,sans-serif; font-size: 24pt;"><strong>Jungen U15-1</strong> <span style="font-size: 18pt;">&#8211; Bezirksliga 2017-18</span></span></td>
<td> </td>
<td style="text-align: right;"><a href="https://www.vfl-kirchheim.de/tischtennis//ti-mannschaften-17-18/" rel="alternate">zurück zur Übersicht</a></td>
</tr>
<tr>
<td><img decoding="async" class=" size-full wp-image-669" src="https://www.vfl-kirchheim.de/tischtennis//wp-content/uploads/2017/08/U15-1_Team17-18.JPG" alt="" width="500" srcset="https://www.vfl-kirchheim.de/tischtennis/wp-content/uploads/2017/08/U15-1_Team17-18.JPG 532w, https://www.vfl-kirchheim.de/tischtennis/wp-content/uploads/2017/08/U15-1_Team17-18-300x225.jpg 300w" sizes="(max-width: 532px) 100vw, 532px" /></td>
<td> </td>
<td style="text-align: right;">
<table style="border-color: #fff700; margin-left: auto; margin-right: auto; height: 145px;" border="1" width="358" rules="none" cellspacing="20">
<thead>
<tr style="border-color: #fff700; background-color: #fff700;">
<td style="text-align: center;" width="86"><strong>Rang</strong></td>
<td style="text-align: center;" width="86"><strong>Q-TTR</strong></td>
<td style="text-align: left;" width="191"><strong>Name, Vorname</strong></td>
</tr>
</thead>
<tbody>
<tr>
<td style="text-align: center;">1</td>
<td style="text-align: center;">1029</td>
<td>Glöckner, Christian</td>
</tr>
<tr>
<td style="text-align: center;">2</td>
<td style="text-align: center;">911</td>
<td>Steinhübl, Sebastian</td>
</tr>
<tr>
<td style="text-align: center;">3</td>
<td style="text-align: center;">974</td>
<td>Häuser, David</td>
</tr>
<tr>
<td style="text-align: center;">4</td>
<td style="text-align: center;">&#8211;</td>
<td>Steinhübl, Kilian</td>
</tr>
</tbody>
</table>
<p><strong><span style="font-size: 12pt;">Links:</span></strong><br /><a href="http://ttvwh.click-tt.de/cgi-bin/WebObjects/nuLigaTTDE.woa/wa/groupPage?championship=SK+Bez.+ES+17%2F18&amp;group=312177" target="_blank" rel="alternate noopener">Tabelle und Spielplan</a></td>
</tr>
<tr>
<td style="text-align: center;"><span style="font-size: 10pt;">C. Glöckner, S. Steinhübl, D. Häuser, K. Steinhübl<br /></span></td>
<td> </td>
<td style="text-align: right;"> </td>
</tr>
</tbody>
</table>
<p><strong><span style="font-size: 14pt;"><br />Rückblick 2016-17<br /></span></strong><br />Der Aufschwung bei der Jugend des VfL macht sich v.a. bei der U15 bemerkbar. Konnte letztes Jahr nach einer Pause endlich wieder eine U15-Mannschaft gemeldet werden, sind es in der kommenden Runde sogar zwei. Die bis auf Christian noch unerfahrenen Spieler der letztjährigen U15 schlugen sich auf Anhieb in der Kreisklasse sehr gut und konnten in der Abschlusstabelle den 4. Platz belegen. Dieser berechtigte durch Veränderungen bei anderen Vereinen sogar zum Aufstieg in die nächsthöhere Klasse. Damit erhielt der VfL die Chance, eine U15 in der Bezirksliga und eine in der Bezirksklasse (ehem. Kreisklasse) zu melden.</p>
<p><span style="font-size: 14pt;"><strong>Vorschau 2017-18<br /></strong></span><br />In der noch sehr jungen ersten U15-Mannschaft spielen mit Sebastian, David und Kilian insgesamt drei Spieler, die auch noch U12 spielen könnten. Zusammen mit Christian, der nicht nur spielerisch sondern auch mit seiner Erfahrung das Team anführt, ist den trainingsfleißigen Jungs in der Bezirksliga ein Platz im Mittelfeld zuzutrauen. </p>

<p>Jungen U15-1 &#8211; Bezirksliga 2017-18   zurück zur Übersicht   Rang Q-TTR Name, Vorname 1 1029 Glöckner, Christian 2 911 Steinhübl, Sebastian 3 974 Häuser, David 4 &#8211; Steinhübl, Kilian Links:Tabelle und Spielplan C. Glöckner, S. Steinhübl, D. Häuser, K. Steinhübl     Rückblick 2016-17Der Aufschwung bei der Jugend des VfL macht sich v.a. bei [&hellip;]</p>
