{"id":656,"date":"2017-08-29T22:03:36","date_gmt":"2017-08-29T20:03:36","guid":{"rendered":"https:\/\/www.vfl-kirchheim.de\/tischtennis\/\/ti-saison17-18-herren1\/"},"modified":"2023-06-05T20:55:27","modified_gmt":"2023-06-05T18:55:27","slug":"ti-saison17-18-herren1","status":"publish","type":"page","link":"https:\/\/www.vfl-kirchheim.de\/tischtennis\/ti-saison17-18-herren1\/","title":{"rendered":"TI_Saison17-18_Herren1"},"content":{"rendered":"<p><\/p>\n<table style=\"height: 405px;\" width=\"915\">\n<tbody>\n<tr>\n<td><span style=\"font-family: arial,helvetica,sans-serif; font-size: 24pt;\"><strong>Herren 1<\/strong> <span style=\"font-size: 18pt;\">&#8211; Oberliga 2017-18<\/span><\/span><\/td>\n<td>\u00a0<\/td>\n<td style=\"text-align: right;\"><a href=\"https:\/\/www.vfl-kirchheim.de\/tischtennis\/\/ti-mannschaften-17-18\/\" rel=\"alternate\">zur\u00fcck zur \u00dcbersicht<\/a><\/td>\n<\/tr>\n<tr>\n<td>\u00a0<img decoding=\"async\" class=\" size-full wp-image-655\" src=\"https:\/\/www.vfl-kirchheim.de\/tischtennis\/\/wp-content\/uploads\/2017\/08\/H1_Team17-18.JPG\" alt=\"\" width=\"500\" srcset=\"https:\/\/www.vfl-kirchheim.de\/tischtennis\/wp-content\/uploads\/2017\/08\/H1_Team17-18.JPG 598w, https:\/\/www.vfl-kirchheim.de\/tischtennis\/wp-content\/uploads\/2017\/08\/H1_Team17-18-300x200.jpg 300w\" sizes=\"(max-width: 598px) 100vw, 598px\" \/><\/td>\n<td>\u00a0<\/td>\n<td style=\"text-align: right;\">\n<table style=\"border-color: #fff700; margin-left: auto; margin-right: auto; height: 171px;\" border=\"1\" width=\"359\" rules=\"none\" cellspacing=\"20\">\n<thead>\n<tr style=\"border-color: #fff700; background-color: #fff700;\">\n<td style=\"text-align: center;\" width=\"86\"><strong>Rang<\/strong><\/td>\n<td style=\"text-align: center;\" width=\"86\"><strong>Q-TTR<\/strong><\/td>\n<td style=\"text-align: left;\" width=\"191\"><strong>Name, Vorname<\/strong><\/td>\n<\/tr>\n<\/thead>\n<tbody>\n<tr>\n<td style=\"text-align: center;\">1<\/td>\n<td style=\"text-align: center;\">2194<\/td>\n<td>Paranjape, Sanmay<\/td>\n<\/tr>\n<tr>\n<td style=\"text-align: center;\">2<\/td>\n<td style=\"text-align: center;\">2065<\/td>\n<td>Ge\u00dfner, Simon<\/td>\n<\/tr>\n<tr>\n<td style=\"text-align: center;\">3<\/td>\n<td style=\"text-align: center;\">2004<\/td>\n<td>Klyeisen, Michael<\/td>\n<\/tr>\n<tr>\n<td style=\"text-align: center;\">4<\/td>\n<td style=\"text-align: center;\">1989<\/td>\n<td>Gantert, Matthias<\/td>\n<\/tr>\n<tr>\n<td style=\"text-align: center;\">5<\/td>\n<td style=\"text-align: center;\">1923<\/td>\n<td>Hummel, Klaus<\/td>\n<\/tr>\n<tr>\n<td style=\"text-align: center;\">6<\/td>\n<td style=\"text-align: center;\">1915<\/td>\n<td>Strauch, Patrick<\/td>\n<\/tr>\n<\/tbody>\n<\/table>\n<p><strong><span style=\"font-size: 12pt;\">Links:<\/span><\/strong><br \/><a href=\"http:\/\/ttvwh.click-tt.de\/cgi-bin\/WebObjects\/nuLigaTTDE.woa\/wa\/groupPage?championship=RL-OL+S%C3%BCdwest+17%2F18&amp;group=306694\" target=\"_blank\" rel=\"alternate noopener\">Tabelle und Spielplan<\/a><\/td>\n<\/tr>\n<tr>\n<td style=\"text-align: center;\"><span style=\"font-size: 10pt;\">M. Holzer, P. Strauch, M. Gantert, S. Ge\u00dfner, K. Hummel<\/p>\n<p><\/span><\/td>\n<td>\u00a0<\/td>\n<td style=\"text-align: right;\">\u00a0<\/td>\n<\/tr>\n<\/tbody>\n<\/table>\n<p style=\"margin-bottom: 0cm;\"><span style=\"font-size: large; font-family: arial,helvetica,sans-serif;\"><b>R\u00fcckblick Saison 2016-17<\/b><\/span><\/p>\n<p>Nicht einmal der beste Krimi Autor h\u00e4tte sich dieses spannende und bis zum letzten Spieltag nervenaufreibende Abenteuer Oberliga im Voraus ausdenken k\u00f6nnen. Bereits vor dem ersten Spieltag musste die Mannschaft einen R\u00fcckschlag einstecken. Die festeingeplante Verpflichtung von dem Puerto-Ricaner Ricardo Jimenez Perez scheiterte, sodass die Mannschaft um Kapit\u00e4n Michael Klyeisen gr\u00f6\u00dftenteils ohne starken Einser auskommen musste. Die Jungs machten das Beste daraus und k\u00e4mpften in jeder Partie um wichtige Punkte. Doch sie wurden leider nicht immer belohnt. Einige ungl\u00fcckliche Niederlagen und Unentschieden f\u00fchrten zu einem 9. Tabellenplatz in der Hinrunde. Mit dem indischen Nationalspieler Sanmay Paranjape erhoffte man sich in der R\u00fcckrunde die Kehrtwende, um den Abstieg noch abzuwenden. Die Mannschaft spielte sich in einen wahren Rausch. Das Motto lautete \u201eSiegermentalit\u00e4t zeigen!\u201c und genauso pr\u00e4sentierten sich die Jungs am Tisch und konnten Punkt f\u00fcr Punkt gegen den Abstieg sammeln. Doch die Konkurrenz spielte ebenfalls stark auf, deshalb musste das gro\u00dfe Finale zu Hause vor Rekordkulisse gegen TB Untert\u00fcrkheim die Entscheidung bringen. Leider verlor die Mannschaft ganz klar mit 3:9, sodass der Relegationsplatz so gut wie sicher feststand. Doch der Tabellenletzte aus Donzdorf schaffte das Wunder und gewann \u00fcberraschend gegen Gnadenthal. So beendete die erste Mannschaft des VFL die Saison tats\u00e4chlich noch auf den 7. Platz und konnte somit die Klasse sensationell halten.<\/p>\n<p><strong><span style=\"font-size: 14pt;\">Ausblick Saison 2017-18<\/span><\/strong><\/p>\n<p>Zur Neuen Saison erwartet den VfL I eine schwere Aufgabe. Wie auch in der Vorsaison wird der Spitzenspieler Sanmay Paranjape nicht alle Spiele bestreiten k\u00f6nnen. Somit wird man sich schnell wieder im Abstiegskampf wiederfinden. Wenn das Saisonziel Nichtabstieg erreicht werden soll m\u00fcssen sicherlich alle Akteure, inklusive Paranjape-Ersatz Neuzugang Markus Holzer, in den entscheidenden Duellen ihre Bestleistung abrufen und wie im vergangenen Jahr als gutes TEAM auftreten. Zu den Hauptkonkurrenten z\u00e4hlen sicherlich der TTC Gnadental, der TTG Kleinsteinbach\/Singen und der 1. TTC Ketsch.<br \/>Um die Meisterschaft werden sicherlich die Mannschafen aus Birkmannsweiler \u2013 verst\u00e4rkt mit dem Spitzenspieler Peng Gao \u2013 und der Absteiger aus Satteldorf spielen. Ob sich noch die eine oder andere Mannschaft in den Titelkampf einschalten kann, wird die Saison zeigen.<\/p>\n","protected":false},"excerpt":{"rendered":"<p>Herren 1 &#8211; Oberliga 2017-18 \u00a0 zur\u00fcck zur \u00dcbersicht \u00a0 \u00a0 Rang Q-TTR Name, Vorname 1 2194 Paranjape, Sanmay 2 2065 Ge\u00dfner, Simon 3 2004 Klyeisen, Michael 4 1989 Gantert, Matthias 5 1923 Hummel, Klaus 6 1915 Strauch, Patrick Links:Tabelle und Spielplan M. Holzer, P. Strauch, M. Gantert, S. Ge\u00dfner, K. Hummel \u00a0 \u00a0 R\u00fcckblick [&hellip;]<\/p>\n","protected":false},"author":1,"featured_media":655,"parent":0,"menu_order":1116,"comment_status":"closed","ping_status":"closed","template":"","meta":{"_et_pb_use_builder":"","_et_pb_old_content":"","_et_gb_content_width":"","ngg_post_thumbnail":0},"_links":{"self":[{"href":"https:\/\/www.vfl-kirchheim.de\/tischtennis\/wp-json\/wp\/v2\/pages\/656"}],"collection":[{"href":"https:\/\/www.vfl-kirchheim.de\/tischtennis\/wp-json\/wp\/v2\/pages"}],"about":[{"href":"https:\/\/www.vfl-kirchheim.de\/tischtennis\/wp-json\/wp\/v2\/types\/page"}],"author":[{"embeddable":true,"href":"https:\/\/www.vfl-kirchheim.de\/tischtennis\/wp-json\/wp\/v2\/users\/1"}],"replies":[{"embeddable":true,"href":"https:\/\/www.vfl-kirchheim.de\/tischtennis\/wp-json\/wp\/v2\/comments?post=656"}],"version-history":[{"count":1,"href":"https:\/\/www.vfl-kirchheim.de\/tischtennis\/wp-json\/wp\/v2\/pages\/656\/revisions"}],"predecessor-version":[{"id":1002,"href":"https:\/\/www.vfl-kirchheim.de\/tischtennis\/wp-json\/wp\/v2\/pages\/656\/revisions\/1002"}],"wp:featuredmedia":[{"embeddable":true,"href":"https:\/\/www.vfl-kirchheim.de\/tischtennis\/wp-json\/wp\/v2\/media\/655"}],"wp:attachment":[{"href":"https:\/\/www.vfl-kirchheim.de\/tischtennis\/wp-json\/wp\/v2\/media?parent=656"}],"curies":[{"name":"wp","href":"https:\/\/api.w.org\/{rel}","templated":true}]}}