{"id":574,"date":"2016-01-05T22:31:04","date_gmt":"2016-01-05T21:31:04","guid":{"rendered":"https:\/\/www.vfl-kirchheim.de\/tischtennis\/\/ti-sm-2016-ergebnisse\/"},"modified":"2023-06-05T20:49:12","modified_gmt":"2023-06-05T18:49:12","slug":"ti-sm-2016-ergebnisse","status":"publish","type":"page","link":"https:\/\/www.vfl-kirchheim.de\/tischtennis\/ti-sm-2016-ergebnisse\/","title":{"rendered":"TI_SM_2016_Ergebnisse"},"content":{"rendered":"<p><span style=\"font-size: 18pt;\"><strong>Alle Ergebnisse der Kirchheimer Stadtmeisterschaften 2016<\/strong><\/span><\/p>\n<table style=\"height: 29px;\" width=\"800\">\n<tbody>\n<tr>\n<td>\u00a0<\/td>\n<td style=\"text-align: right;\"><a href=\"https:\/\/www.vfl-kirchheim.de\/tischtennis\/\/ti-sm-2016-uebersicht\/\" rel=\"alternate\">Zur\u00fcck zur \u00dcbersicht<\/a><\/td>\n<\/tr>\n<\/tbody>\n<\/table>\n<p><\/p>\n<p><strong>Bambina U 11<\/strong><br \/> 1. Janina Habermann TSV Weilheim<br \/> 2. Elisa Mack TSV Sielmingen<br \/> 3. Julia Feger SV Nabern<br \/> 4. Anne Sch\u00e4fer TSV Sielmingen<\/p>\n<p><strong>Bambino U 11<\/strong><br \/> 1. Pascal Timke TSV Sielmingen<br \/> 2. Jonas Driemel TSV Wendlingen <br \/> 3.\/4. Ben Stuhlm\u00fcller TSV Wendlingen<br \/> 3.\/4. Simon Wagner TSV Jesingen<\/p>\n<p><strong>M\u00e4dchen U 13<\/strong><br \/> 1. Lea Lachenmayer TTC Frickenhausen<br \/> 2. Lisa Eckardt TSV Weilheim<br \/>3.\/4. Janina Libhafsky TSV Weilheim<br \/> 3.\/4. Elisabeth Nguyen TSV Sielmingen<\/p>\n<p><strong>Jungen U 13<\/strong><br \/> 1. Michael Goll SV Nabern<br \/> 2. Maik Bachofer TTV Zell<br \/> 3.\/4. Tim Kiesinger TTC Notzingen-Wellingen<br \/> 3.\/4. Kevin Benzler TSV Musberg<\/p>\n<p><strong>M\u00e4dchen U 15<\/strong><br \/> 1. Melina Schruff TSV Sielmingen<br \/> 2. Hanna Schnaible SV Nabern<br \/> 3.\/4. Emily Schnaible SV Nabern<br \/> 3.\/4. Lisa Leiter TV Bissingen<\/p>\n<p><strong>Jungen U 15<\/strong><br \/> 1. Mike Nachtnebel SV Nabern<br \/> 2. Julian Krohmer SV Nabern<br \/> 3.\/4. Julian Bunz TTV Zell<br \/> 3.\/4. Yannik Bux SV T\u00fcbingen<\/p>\n<p><strong>M\u00e4dchen U 18<\/strong><br \/> 1. Linda Kirsamer TSV Wendlingen<br \/> 2. Hannah Paproth SV Nabern<br \/> 3.\/4. Julia Girke TSV Deizisau<br \/>3.\/4. Christina R\u00f6ser SV Nabern<\/p>\n<p><strong>Jungen U 18<\/strong><br \/> 1. Dominik Goll TSV Wendlingen<br \/> 2. Eric Bachofer TTV Zell<br \/> 3.\/4. Dirk Kramer TB Neuffen<br \/> 3.\/4. Lukas Scherzinger SKV Unterensingen<\/p>\n<p>\u00a0<\/p>\n<p><strong>Herren B Doppel<\/strong><br \/> 1. Andreas G\u00f6lz \/ Alexander R\u00f6cker SV Nabern \/ TSV Jesingen<br \/> 2. Nico Peller \/ Tim St\u00e4bler TV Hochdorf<br \/> 3.\/4. Martin Sch\u00e4fter \/ Alexander Maier SV Hardt<br \/> 3.\/4. Norman Zin\u00dfer \/ Oliver Rataj TTC Notzingen-Wellingen<\/p>\n<p><strong>Herren B Einzel<\/strong><br \/> 1. Simon Maier TTC Notzingen-Wellingen<br \/> 2. Andreas Braun SV Nabern<br \/> 3.\/4. Stefan Luu TTG Leonberg-Eltingen<br \/> 3.\/4. Michael Kadura TSV Jesingen<\/p>\n<p><strong>Herren D Doppel<\/strong><br \/> 1. Fabian Engelhardt \/ Robin K\u00f6stlmeier TSV H\u00f6fingen<br \/> 2. Viktor Neufeld \/ Sandro Spalinger SPV 05 N\u00fcrtingen<br \/> 3.\/4. Randy Zippel \/ Dennis Richter SV Reudern<br \/> 3.\/4. Wolfgang Gutmann \/ Andreas Beckel TV Hochdorf<\/p>\n<p><strong>Herren D Einzel<\/strong><br \/> 1. Fabian Engelhardt TSV H\u00f6fingen<br \/> 2. Viktor Neufeld SPV 05 N\u00fcrtingen<br \/> 3.\/4. Fabian Lauer TSV H\u00f6flingen<br \/> 3.\/4. Max Blon TSV Jesingen<\/p>\n<p><strong>Herren C Doppel<\/strong><br \/> 1. Andreas Sommer \/ Patrick Binzer TTF Neuhausen <br \/> 2. Walter Brandl \/ Marcel Braun VfL Kirchheim<br \/> 3.\/4. Michael R\u00f6hner \/ Oliver Komraus SV Nabern<br \/> 3.\/4. Armin Becker \/ Stefan Hausmann SKV Unterensingen<\/p>\n<p><strong>Herren C Einzel<\/strong><br \/> 1. Marcel Braun VfL Kirchheim <br \/> 2. Jochen Ettischer TSV RSK Esslingen<br \/> 3.\/4. Timo Kretschmer TTC Aichtal<br \/> 3.\/4. Nesti Mantar SV Nabern<\/p>\n<p><strong>Damen B Doppel<\/strong><br \/> 1. Birgit Wieland \/ Doris Schmid TTC Frickenhausen<br \/> 2. Inge Henzler \/ Irene H\u00e4genl\u00e4uer TV Bissingen \/ SPV 05 N\u00fcrtingen<br \/> 3.\/4. Renate Unterseher \/ Birgit Strohmeyer TV Bissingen<br \/> 3.\/4. Sarah Haag \/ Annette Kadatz TSV Georgii Allianz Stuttgart<\/p>\n<p><strong>Damen B Einzel<\/strong><br \/> 1. Sarah Haag TSV Georgii Allianz Stuttgart<br \/> 2. Lena Kirsamer TSV Wendlingen<br \/> 3.\/4. Renate Unterseher TV Bissingen<br \/> 3.\/4. Birgit Wieland TTC Frickenhausen<\/p>\n<p><strong>Damen A Doppel<\/strong><br \/> 1. Gudrun Fischer \/ Heike Eulenberg TSV Weilheim<br \/> 2. Marion Schuster \/ Kristin M\u00fcller TV Reichenbach<br \/> 3.\/4. Lena Blankenhorn \/ Kira Blankenhorn TTV Dettingen<br \/>3.\/4. Ana Ladan \/ Svenja Maurer SV Nabern<\/p>\n<p><strong>Damen A Einzel<\/strong><br \/> 1. Svenja Maurer SV Nabern<br \/> 2. Tamara Prei\u00df TSV K\u00f6ngen<br \/> 3.\/4. Kira Blankenhorn TTV Dettingen<br \/> 3.\/4. Viktoria Frank VfL Kirchheim<\/p>\n<p><strong>Herren A Doppel<\/strong><br \/> 1. Matthias Gantert \/ Daniel Gelfert VfL Kirchheim \/ TSV Musberg<br \/> 2. Klaus Hummel \/ Michael Hohl VfL Kirchheim<br \/> 3.\/4. Dominik Goll \/ Patrick M\u00fcller TSV Wendlingen \/ VfL Kirchheim<br \/> 3.\/4. Markus Holzer \/ Jan Eder TTF Neckartenzlingen \/ VfL Kirchheim<\/p>\n<p><strong>Herren A Einzel<\/strong><br \/> 1. Matthias Gantert VfL Kirchheim<br \/> 2. Dominik W\u00f6rner SV Murrhardt<br \/> 3.\/4. Fabian Dolderer SV Salamander Kornwestheim<br \/> 3.\/4. Klaus Hummel VfL Kirchheim<\/p>\n<p><strong>Mixed<\/strong><br \/> 1. Ana Ladan \/ Jakob Baum SV Nabern <br \/> 2. Sara Feirer \/ Matthias Gantert TSV Lichtenwald \/ VfL Kirchheim<br \/> 3.\/4. Carina Frasch \/ Klaus Hummel VfL Kirchheim<br \/> 3.\/4. Svenja Maurer \/ Andrej Plantikow SV Nabern<\/p>\n","protected":false},"excerpt":{"rendered":"<p>Alle Ergebnisse der Kirchheimer Stadtmeisterschaften 2016 \u00a0 Zur\u00fcck zur \u00dcbersicht Bambina U 11 1. Janina Habermann TSV Weilheim 2. Elisa Mack TSV Sielmingen 3. Julia Feger SV Nabern 4. Anne Sch\u00e4fer TSV Sielmingen Bambino U 11 1. Pascal Timke TSV Sielmingen 2. Jonas Driemel TSV Wendlingen 3.\/4. Ben Stuhlm\u00fcller TSV Wendlingen 3.\/4. Simon Wagner TSV [&hellip;]<\/p>\n","protected":false},"author":1,"featured_media":0,"parent":0,"menu_order":1142,"comment_status":"closed","ping_status":"closed","template":"","meta":{"_et_pb_use_builder":"","_et_pb_old_content":"","_et_gb_content_width":"","ngg_post_thumbnail":0},"_links":{"self":[{"href":"https:\/\/www.vfl-kirchheim.de\/tischtennis\/wp-json\/wp\/v2\/pages\/574"}],"collection":[{"href":"https:\/\/www.vfl-kirchheim.de\/tischtennis\/wp-json\/wp\/v2\/pages"}],"about":[{"href":"https:\/\/www.vfl-kirchheim.de\/tischtennis\/wp-json\/wp\/v2\/types\/page"}],"author":[{"embeddable":true,"href":"https:\/\/www.vfl-kirchheim.de\/tischtennis\/wp-json\/wp\/v2\/users\/1"}],"replies":[{"embeddable":true,"href":"https:\/\/www.vfl-kirchheim.de\/tischtennis\/wp-json\/wp\/v2\/comments?post=574"}],"version-history":[{"count":1,"href":"https:\/\/www.vfl-kirchheim.de\/tischtennis\/wp-json\/wp\/v2\/pages\/574\/revisions"}],"predecessor-version":[{"id":983,"href":"https:\/\/www.vfl-kirchheim.de\/tischtennis\/wp-json\/wp\/v2\/pages\/574\/revisions\/983"}],"wp:attachment":[{"href":"https:\/\/www.vfl-kirchheim.de\/tischtennis\/wp-json\/wp\/v2\/media?parent=574"}],"curies":[{"name":"wp","href":"https:\/\/api.w.org\/{rel}","templated":true}]}}