{"id":439,"date":"2014-08-25T22:12:50","date_gmt":"2014-08-25T20:12:50","guid":{"rendered":"https:\/\/www.vfl-kirchheim.de\/tischtennis\/\/ti-saison14-15-jungenu15\/"},"modified":"2023-06-05T20:48:39","modified_gmt":"2023-06-05T18:48:39","slug":"ti-saison14-15-jungenu15","status":"publish","type":"page","link":"https:\/\/www.vfl-kirchheim.de\/tischtennis\/ti-saison14-15-jungenu15\/","title":{"rendered":"TI_Saison14-15_JungenU15"},"content":{"rendered":"<p><\/p>\n<table style=\"height: 448px;\" width=\"917\">\n<tbody>\n<tr>\n<td><span style=\"font-family: arial,helvetica,sans-serif; font-size: 24pt;\"><strong>Jungen U15<\/strong> <span style=\"font-size: 18pt;\">&#8211; Kreisklasse 2014-15<\/span><\/span><\/td>\n<td>\u00a0<\/td>\n<td style=\"text-align: right;\"><span style=\"font-size: 10pt; color: #00ccff;\"><a href=\"https:\/\/www.vfl-kirchheim.de\/tischtennis\/\/ti-mannschaften\/\">zur\u00fcck zur \u00dcbersicht\u00a0\u00a0 <\/a><\/span><\/td>\n<\/tr>\n<tr>\n<td><img decoding=\"async\" src=\"images\/Tischtennis\/Saison14-15\/2014_TI_JugendU15_Team.jpg\" alt=\"\" width=\"500\" \/><\/td>\n<td>\u00a0<\/td>\n<td style=\"text-align: right;\">\n<table style=\"border-color: #fff700; margin-left: auto; margin-right: auto; height: 171px;\" border=\"1\" width=\"359\" rules=\"none\" cellspacing=\"20\">\n<thead>\n<tr style=\"border-color: #fff700; background-color: #fff700;\">\n<td style=\"text-align: center;\" width=\"86\"><strong>Rang<\/strong><\/td>\n<td style=\"text-align: center;\" width=\"86\"><strong>Q-TTR<\/strong><\/td>\n<td style=\"text-align: left;\" width=\"191\"><strong>Name, Vorname<\/strong><\/td>\n<\/tr>\n<\/thead>\n<tbody>\n<tr>\n<td style=\"text-align: center;\">1<\/td>\n<td style=\"text-align: center;\">1028<\/td>\n<td>K\u00f6ber, Johannes<\/td>\n<\/tr>\n<tr>\n<td style=\"text-align: center;\">2<\/td>\n<td style=\"text-align: center;\">997<\/td>\n<td>Harbort, Robin<\/td>\n<\/tr>\n<tr>\n<td style=\"text-align: center;\">3<\/td>\n<td style=\"text-align: center;\">929<\/td>\n<td>Yildirim, Samet<\/td>\n<\/tr>\n<tr>\n<td style=\"text-align: center;\">4<\/td>\n<td style=\"text-align: center;\">865<\/td>\n<td>Woitanowski, Aaron<\/td>\n<\/tr>\n<tr>\n<td style=\"text-align: center;\">5<\/td>\n<td style=\"text-align: center;\">827<\/td>\n<td>Preu, Felix<\/td>\n<\/tr>\n<tr>\n<td style=\"text-align: center;\">6<\/td>\n<td style=\"text-align: center;\">731<\/td>\n<td>Scampoli, Simon<\/td>\n<\/tr>\n<\/tbody>\n<\/table>\n<p><strong><span style=\"font-size: 12pt;\">Links:<\/span><\/strong><br \/><a href=\"http:\/\/ttvwh.click-tt.de\/cgi-bin\/WebObjects\/nuLigaTTDE.woa\/wa\/groupPage?championship=SK+Bez.+ES+14%2F15&amp;group=230179\" target=\"_blank\" rel=\"alternate noopener\">Tabelle und Spielplan<\/a><\/td>\n<\/tr>\n<tr>\n<td style=\"text-align: center;\"><span style=\"font-size: 10pt;\">\u00a0 Samet Yildirim, Robin Harbort, Felix Preu, Colin Schmidt, Aaron Woitanowski\u00a0<\/span><\/td>\n<td>\u00a0<\/td>\n<td style=\"text-align: right;\">\u00a0<\/td>\n<\/tr>\n<\/tbody>\n<\/table>\n<p style=\"margin-bottom: 0cm;\"><span style=\"font-size: large; font-family: arial,helvetica,sans-serif;\"><b>R\u00fcckblick Saison 2013-14<\/b><\/span><\/p>\n<p style=\"margin-bottom: 0cm;\"><span style=\"font-family: arial,helvetica,sans-serif; font-size: 10pt;\">Unsere U15 spielte vergangene Saison mit folgenden Spielern: <\/span><\/p>\n<p style=\"margin-bottom: 0cm;\"><span style=\"font-family: arial,helvetica,sans-serif;\"><span style=\"font-size: 10pt;\">Johannes K\u00f6ber (7:4), Robin Harbort (13:7), Samet Yildirim (11:4), Aaron Woitanowski (7:7), Felix Preu (2:4), Colin Schmidt (4:8). <br \/>Aufgrund von unzuverl\u00e4ssigen Zusagen mancher Eltern unserer letztj\u00e4hrigen U12 Mannschaft, musste diese leider aufgel\u00f6st werden. Es war nicht klar, ob wir f\u00fcr jedes Punktspiel auch eine Mannschaft zusammen bekommen w\u00fcrden. Dies war zwar sehr schade, er\u00f6ffnete aber auch Chancen f\u00fcr die U15, den Kader zu erweitern und somit immer eine konkurrenzf\u00e4hige Mannschaft zu stellen. Es wurde ein Mittelfeldplatz angestrebt, der von unserer Mannschaft noch \u00fcbertroffen wurde. Am Ende erreichten sie den 3. Platz. Besonders hervorheben muss man die Leistungen von Johannes K\u00f6ber, Robin Harbort und Samet Yildirim, die hervorragende Einzelbilanzen erspielten.<\/span> <\/span><\/p>\n<p><\/p>\n<p style=\"margin-bottom: 0cm;\"><span style=\"font-size: large; font-family: arial,helvetica,sans-serif;\"><b>Ausblick Saison 2014-15<\/b><\/span><\/p>\n<p style=\"margin-bottom: 0cm;\"><span style=\"color: #000000; font-size: 10pt; font-family: arial,helvetica,sans-serif;\">Die Trainingsbeteiligung beim VFL ist in den letzten Jahren stetig gewachsen und liegt im Moment bei durchschnittlich 14- 20 Sch\u00fclern bzw. Jugendlichen pro Trainingstag. Betreut und trainiert werden sie durch unsere \u00dcbungsleiter Simon Gessner, Patrick M\u00fcller sowie durch Jugendleiter Ren\u00e9 Zimmermann. <\/span><\/p>\n<p style=\"margin-bottom: 0cm;\"><span style=\"color: #000000; font-size: 10pt; font-family: arial,helvetica,sans-serif;\">Ansprechpartner f\u00fcr das Jugendtraining: Ren\u00e9 Zimmermann (0175-2711596).<\/span><\/p>\n","protected":false},"excerpt":{"rendered":"<p>Jungen U15 &#8211; Kreisklasse 2014-15 \u00a0 zur\u00fcck zur \u00dcbersicht\u00a0\u00a0 \u00a0 Rang Q-TTR Name, Vorname 1 1028 K\u00f6ber, Johannes 2 997 Harbort, Robin 3 929 Yildirim, Samet 4 865 Woitanowski, Aaron 5 827 Preu, Felix 6 731 Scampoli, Simon Links:Tabelle und Spielplan \u00a0 Samet Yildirim, Robin Harbort, Felix Preu, Colin Schmidt, Aaron Woitanowski\u00a0 \u00a0 \u00a0 R\u00fcckblick [&hellip;]<\/p>\n","protected":false},"author":1,"featured_media":0,"parent":0,"menu_order":1137,"comment_status":"closed","ping_status":"closed","template":"","meta":{"_et_pb_use_builder":"","_et_pb_old_content":"","_et_gb_content_width":"","ngg_post_thumbnail":0},"_links":{"self":[{"href":"https:\/\/www.vfl-kirchheim.de\/tischtennis\/wp-json\/wp\/v2\/pages\/439"}],"collection":[{"href":"https:\/\/www.vfl-kirchheim.de\/tischtennis\/wp-json\/wp\/v2\/pages"}],"about":[{"href":"https:\/\/www.vfl-kirchheim.de\/tischtennis\/wp-json\/wp\/v2\/types\/page"}],"author":[{"embeddable":true,"href":"https:\/\/www.vfl-kirchheim.de\/tischtennis\/wp-json\/wp\/v2\/users\/1"}],"replies":[{"embeddable":true,"href":"https:\/\/www.vfl-kirchheim.de\/tischtennis\/wp-json\/wp\/v2\/comments?post=439"}],"version-history":[{"count":1,"href":"https:\/\/www.vfl-kirchheim.de\/tischtennis\/wp-json\/wp\/v2\/pages\/439\/revisions"}],"predecessor-version":[{"id":965,"href":"https:\/\/www.vfl-kirchheim.de\/tischtennis\/wp-json\/wp\/v2\/pages\/439\/revisions\/965"}],"wp:attachment":[{"href":"https:\/\/www.vfl-kirchheim.de\/tischtennis\/wp-json\/wp\/v2\/media?parent=439"}],"curies":[{"name":"wp","href":"https:\/\/api.w.org\/{rel}","templated":true}]}}

<p></p>
<table style="height: 448px;" width="917">
<tbody>
<tr>
<td><span style="font-family: arial,helvetica,sans-serif; font-size: 24pt;"><strong>Jungen U15</strong> <span style="font-size: 18pt;">&#8211; Kreisklasse 2014-15</span></span></td>
<td> </td>
<td style="text-align: right;"><span style="font-size: 10pt; color: #00ccff;"><a href="https://www.vfl-kirchheim.de/tischtennis//ti-mannschaften/">zurück zur Übersicht   </a></span></td>
</tr>
<tr>
<td><img decoding="async" src="images/Tischtennis/Saison14-15/2014_TI_JugendU15_Team.jpg" alt="" width="500" /></td>
<td> </td>
<td style="text-align: right;">
<table style="border-color: #fff700; margin-left: auto; margin-right: auto; height: 171px;" border="1" width="359" rules="none" cellspacing="20">
<thead>
<tr style="border-color: #fff700; background-color: #fff700;">
<td style="text-align: center;" width="86"><strong>Rang</strong></td>
<td style="text-align: center;" width="86"><strong>Q-TTR</strong></td>
<td style="text-align: left;" width="191"><strong>Name, Vorname</strong></td>
</tr>
</thead>
<tbody>
<tr>
<td style="text-align: center;">1</td>
<td style="text-align: center;">1028</td>
<td>Köber, Johannes</td>
</tr>
<tr>
<td style="text-align: center;">2</td>
<td style="text-align: center;">997</td>
<td>Harbort, Robin</td>
</tr>
<tr>
<td style="text-align: center;">3</td>
<td style="text-align: center;">929</td>
<td>Yildirim, Samet</td>
</tr>
<tr>
<td style="text-align: center;">4</td>
<td style="text-align: center;">865</td>
<td>Woitanowski, Aaron</td>
</tr>
<tr>
<td style="text-align: center;">5</td>
<td style="text-align: center;">827</td>
<td>Preu, Felix</td>
</tr>
<tr>
<td style="text-align: center;">6</td>
<td style="text-align: center;">731</td>
<td>Scampoli, Simon</td>
</tr>
</tbody>
</table>
<p><strong><span style="font-size: 12pt;">Links:</span></strong><br /><a href="http://ttvwh.click-tt.de/cgi-bin/WebObjects/nuLigaTTDE.woa/wa/groupPage?championship=SK+Bez.+ES+14%2F15&amp;group=230179" target="_blank" rel="alternate noopener">Tabelle und Spielplan</a></td>
</tr>
<tr>
<td style="text-align: center;"><span style="font-size: 10pt;">  Samet Yildirim, Robin Harbort, Felix Preu, Colin Schmidt, Aaron Woitanowski </span></td>
<td> </td>
<td style="text-align: right;"> </td>
</tr>
</tbody>
</table>
<p style="margin-bottom: 0cm;"><span style="font-size: large; font-family: arial,helvetica,sans-serif;"><b>Rückblick Saison 2013-14</b></span></p>
<p style="margin-bottom: 0cm;"><span style="font-family: arial,helvetica,sans-serif; font-size: 10pt;">Unsere U15 spielte vergangene Saison mit folgenden Spielern: </span></p>
<p style="margin-bottom: 0cm;"><span style="font-family: arial,helvetica,sans-serif;"><span style="font-size: 10pt;">Johannes Köber (7:4), Robin Harbort (13:7), Samet Yildirim (11:4), Aaron Woitanowski (7:7), Felix Preu (2:4), Colin Schmidt (4:8). <br />Aufgrund von unzuverlässigen Zusagen mancher Eltern unserer letztjährigen U12 Mannschaft, musste diese leider aufgelöst werden. Es war nicht klar, ob wir für jedes Punktspiel auch eine Mannschaft zusammen bekommen würden. Dies war zwar sehr schade, eröffnete aber auch Chancen für die U15, den Kader zu erweitern und somit immer eine konkurrenzfähige Mannschaft zu stellen. Es wurde ein Mittelfeldplatz angestrebt, der von unserer Mannschaft noch übertroffen wurde. Am Ende erreichten sie den 3. Platz. Besonders hervorheben muss man die Leistungen von Johannes Köber, Robin Harbort und Samet Yildirim, die hervorragende Einzelbilanzen erspielten.</span> </span></p>
<p></p>
<p style="margin-bottom: 0cm;"><span style="font-size: large; font-family: arial,helvetica,sans-serif;"><b>Ausblick Saison 2014-15</b></span></p>
<p style="margin-bottom: 0cm;"><span style="color: #000000; font-size: 10pt; font-family: arial,helvetica,sans-serif;">Die Trainingsbeteiligung beim VFL ist in den letzten Jahren stetig gewachsen und liegt im Moment bei durchschnittlich 14- 20 Schülern bzw. Jugendlichen pro Trainingstag. Betreut und trainiert werden sie durch unsere Übungsleiter Simon Gessner, Patrick Müller sowie durch Jugendleiter René Zimmermann. </span></p>
<p style="margin-bottom: 0cm;"><span style="color: #000000; font-size: 10pt; font-family: arial,helvetica,sans-serif;">Ansprechpartner für das Jugendtraining: René Zimmermann (0175-2711596).</span></p>

<p>Jungen U15 &#8211; Kreisklasse 2014-15   zurück zur Übersicht     Rang Q-TTR Name, Vorname 1 1028 Köber, Johannes 2 997 Harbort, Robin 3 929 Yildirim, Samet 4 865 Woitanowski, Aaron 5 827 Preu, Felix 6 731 Scampoli, Simon Links:Tabelle und Spielplan   Samet Yildirim, Robin Harbort, Felix Preu, Colin Schmidt, Aaron Woitanowski      Rückblick [&hellip;]</p>
