{"id":438,"date":"2014-08-25T22:12:50","date_gmt":"2014-08-25T20:12:50","guid":{"rendered":"https:\/\/www.vfl-kirchheim.de\/tischtennis\/\/ti-saison14-15-jungenu18\/"},"modified":"2023-06-05T20:48:58","modified_gmt":"2023-06-05T18:48:58","slug":"ti-saison14-15-jungenu18","status":"publish","type":"page","link":"https:\/\/www.vfl-kirchheim.de\/tischtennis\/ti-saison14-15-jungenu18\/","title":{"rendered":"TI_Saison14-15_JungenU18"},"content":{"rendered":"<p><\/p>\n<table style=\"height: 444px;\" width=\"916\">\n<tbody>\n<tr>\n<td><span style=\"font-family: arial,helvetica,sans-serif; font-size: 24pt;\"><strong>Jungen U18<\/strong> <span style=\"font-size: 18pt;\">&#8211; Bezirksklasse 2014-15<\/span><\/span><\/td>\n<td>\u00a0<\/td>\n<td style=\"text-align: right;\"><span style=\"font-size: 10pt; color: #00ccff;\"><a href=\"https:\/\/www.vfl-kirchheim.de\/tischtennis\/\/ti-mannschaften\/\">zur\u00fcck zur \u00dcbersicht\u00a0\u00a0 <\/a><\/span><\/td>\n<\/tr>\n<tr>\n<td><img decoding=\"async\" src=\"images\/Tischtennis\/Saison14-15\/2014_TI_JugendU18_Team.jpg\" alt=\"\" width=\"500\" \/><\/td>\n<td>\u00a0<\/td>\n<td style=\"text-align: right;\">\n<table style=\"border-color: #fff700; margin-left: auto; margin-right: auto; height: 171px;\" border=\"1\" width=\"359\" rules=\"none\" cellspacing=\"20\">\n<thead>\n<tr style=\"border-color: #fff700; background-color: #fff700;\">\n<td style=\"text-align: center;\" width=\"86\"><strong>Rang<\/strong><\/td>\n<td style=\"text-align: center;\" width=\"86\"><strong>Q-TTR<\/strong><\/td>\n<td style=\"text-align: left;\" width=\"191\"><strong>Name, Vorname<\/strong><\/td>\n<\/tr>\n<\/thead>\n<tbody>\n<tr>\n<td style=\"text-align: center;\">1<\/td>\n<td style=\"text-align: center;\">1127<\/td>\n<td>Pirnack, Jens<\/td>\n<\/tr>\n<tr>\n<td style=\"text-align: center;\">2<\/td>\n<td style=\"text-align: center;\">1110<\/td>\n<td>Langer, Florian<\/td>\n<\/tr>\n<tr>\n<td style=\"text-align: center;\">3<\/td>\n<td style=\"text-align: center;\">1075<\/td>\n<td>K\u00f6ber, Samuel<\/td>\n<\/tr>\n<tr>\n<td style=\"text-align: center;\">4<\/td>\n<td style=\"text-align: center;\">1064<\/td>\n<td>Pereira Monteiro, Gil<\/td>\n<\/tr>\n<tr>\n<td style=\"text-align: center;\">5<\/td>\n<td style=\"text-align: center;\">1024<\/td>\n<td>Winkler, Lisa<\/td>\n<\/tr>\n<tr>\n<td style=\"text-align: center;\">6<\/td>\n<td style=\"text-align: center;\">955<\/td>\n<td>Lippmann, Thilo<\/td>\n<\/tr>\n<tr>\n<td style=\"text-align: center;\">7<\/td>\n<td style=\"text-align: center;\">914<\/td>\n<td>Golks, Niklas<\/td>\n<\/tr>\n<tr>\n<td style=\"text-align: center;\">8<\/td>\n<td style=\"text-align: center;\">892<\/td>\n<td>Leiter, Felix<\/td>\n<\/tr>\n<\/tbody>\n<\/table>\n<p><strong><span style=\"font-size: 12pt;\">Links:<\/span><\/strong><br \/><a href=\"http:\/\/ttvwh.click-tt.de\/cgi-bin\/WebObjects\/nuLigaTTDE.woa\/wa\/groupPage?championship=SK+Bez.+ES+14%2F15&amp;group=230168\" target=\"_blank\" rel=\"alternate noopener\">Tabelle und Spielplan<\/a><\/td>\n<\/tr>\n<tr>\n<td style=\"text-align: center;\"><span style=\"font-size: 10pt;\">\u00a0Gil Pereira Monteiro, Jens Pirnack, Florian Langer, Samuel K\u00f6ber<\/span><\/td>\n<td>\u00a0<\/td>\n<td style=\"text-align: right;\">\u00a0<\/td>\n<\/tr>\n<\/tbody>\n<\/table>\n<p style=\"margin-bottom: 0cm;\"><span style=\"font-size: large; font-family: arial,helvetica,sans-serif;\"><b>R\u00fcckblick Saison 2013-14<\/b><\/span><\/p>\n<p style=\"margin-bottom: 0cm;\"><span style=\"font-family: arial,helvetica,sans-serif; font-size: 10pt;\">Unsere U18 spielte vergangene Saison mit folgenden Spielern: <\/span><\/p>\n<p style=\"margin-bottom: 0cm;\"><span style=\"font-family: arial,helvetica,sans-serif; font-size: 10pt;\">Jens Pirnack (2:19), Florian Langer (1:13), Samuel K\u00f6ber (6:12), Gil Pereira Monteiro (4:7), Ertugrul Yildirim (2:1).<\/span><\/p>\n<p style=\"margin-bottom: 0cm;\"><span style=\"font-family: arial,helvetica,sans-serif; font-size: 10pt;\">Die U18 Mannschaft erreichte zum Saisonabschluss 2012\/2013 einen sehr guten 2.Platz und stieg \u00fcber die erweiterte Aufstiegsoption beim Jugendbezirkstag auf. Leider mussten sie feststellen, dass in der Bezirksklasse ein rauer Wind weht. Insgesamt blieb die Mannschaft um Mannschaftskapit\u00e4n Jens Pirnack etwas unter ihren M\u00f6glichkeiten. Am Ende blieb ein entt\u00e4uschender 8. Tabellenplatz. Nur die Mannschaft aus Oberboihingen konnte besiegt werden. Diese wurde jedoch bereits im Laufe der Runde zur\u00fcckgezogen. F\u00fcr die Mannschaft war diese Runde trotzdem eine wichtige Lernphase. Wichtig f\u00fcr die Spieler ist es, sich regelm\u00e4\u00dfig mit besseren Spielern zu messen, um sich an das h\u00f6here Grundniveau zu gew\u00f6hnen. In den unteren Klassen w\u00fcrden sich die Spieler nicht weiterentwickeln, da sie dort \u00fcberwiegend gegen schw\u00e4chere Gegner spielen. <\/span><\/p>\n<p><\/p>\n<p style=\"margin-bottom: 0cm;\"><span style=\"font-size: large; font-family: arial,helvetica,sans-serif;\"><b>Ausblick Saison 2014-15<\/b><\/span><\/p>\n<p style=\"margin-bottom: 0cm;\"><span style=\"color: #000000; font-size: 10pt; font-family: arial,helvetica,sans-serif;\">Die Trainingsbeteiligung beim VFL ist in den letzten Jahren stetig gewachsen und liegt im Moment bei durchschnittlich 14- 20 Sch\u00fclern bzw. Jugendlichen pro Trainingstag. Betreut und trainiert werden sie durch unsere \u00dcbungsleiter Simon Gessner, Patrick M\u00fcller sowie durch Jugendleiter Ren\u00e9 Zimmermann. <\/span><\/p>\n<p style=\"margin-bottom: 0cm;\"><span style=\"color: #000000; font-size: 10pt; font-family: arial,helvetica,sans-serif;\">Ansprechpartner f\u00fcr das Jugendtraining: Ren\u00e9 Zimmermann (0175-2711596).<\/span><\/p>\n","protected":false},"excerpt":{"rendered":"<p>Jungen U18 &#8211; Bezirksklasse 2014-15 \u00a0 zur\u00fcck zur \u00dcbersicht\u00a0\u00a0 \u00a0 Rang Q-TTR Name, Vorname 1 1127 Pirnack, Jens 2 1110 Langer, Florian 3 1075 K\u00f6ber, Samuel 4 1064 Pereira Monteiro, Gil 5 1024 Winkler, Lisa 6 955 Lippmann, Thilo 7 914 Golks, Niklas 8 892 Leiter, Felix Links:Tabelle und Spielplan \u00a0Gil Pereira Monteiro, Jens Pirnack, [&hellip;]<\/p>\n","protected":false},"author":1,"featured_media":0,"parent":0,"menu_order":1140,"comment_status":"closed","ping_status":"closed","template":"","meta":{"_et_pb_use_builder":"","_et_pb_old_content":"","_et_gb_content_width":"","ngg_post_thumbnail":0},"_links":{"self":[{"href":"https:\/\/www.vfl-kirchheim.de\/tischtennis\/wp-json\/wp\/v2\/pages\/438"}],"collection":[{"href":"https:\/\/www.vfl-kirchheim.de\/tischtennis\/wp-json\/wp\/v2\/pages"}],"about":[{"href":"https:\/\/www.vfl-kirchheim.de\/tischtennis\/wp-json\/wp\/v2\/types\/page"}],"author":[{"embeddable":true,"href":"https:\/\/www.vfl-kirchheim.de\/tischtennis\/wp-json\/wp\/v2\/users\/1"}],"replies":[{"embeddable":true,"href":"https:\/\/www.vfl-kirchheim.de\/tischtennis\/wp-json\/wp\/v2\/comments?post=438"}],"version-history":[{"count":1,"href":"https:\/\/www.vfl-kirchheim.de\/tischtennis\/wp-json\/wp\/v2\/pages\/438\/revisions"}],"predecessor-version":[{"id":964,"href":"https:\/\/www.vfl-kirchheim.de\/tischtennis\/wp-json\/wp\/v2\/pages\/438\/revisions\/964"}],"wp:attachment":[{"href":"https:\/\/www.vfl-kirchheim.de\/tischtennis\/wp-json\/wp\/v2\/media?parent=438"}],"curies":[{"name":"wp","href":"https:\/\/api.w.org\/{rel}","templated":true}]}}