{"id":1778,"date":"2023-07-16T23:06:27","date_gmt":"2023-07-16T21:06:27","guid":{"rendered":"https:\/\/www.vfl-kirchheim.de\/tischtennis\/?page_id=1778"},"modified":"2023-09-19T22:59:53","modified_gmt":"2023-09-19T20:59:53","slug":"ti_ergebnisse_22-23","status":"publish","type":"page","link":"https:\/\/www.vfl-kirchheim.de\/tischtennis\/ti_ergebnisse_22-23\/","title":{"rendered":"TI_Ergebnisse_22-23"},"content":{"rendered":"<h2><strong>Saison 2022 &#8211; 23<\/strong><\/h2>\n<p><strong>Ein Meister und drei weitere Aufstiege kr\u00f6nen eine erfolgreiche Saison<\/strong><br \/>\nDen einzigen Meistertitel der Saison konnte sich die aufstrebende U15-Mannschaft erspielen.<br \/>\nNach dem ungl\u00fccklichen Abstieg aus der Oberliga schaffte die erste Mannschaft nach einem zweiten Platz im Endklassement \u00fcber die Relegation den direkten Wiederaufstieg.<\/p>\n<p><img decoding=\"async\" loading=\"lazy\" class=\" wp-image-1775 aligncenter\" src=\"https:\/\/www.vfl-kirchheim.de\/tischtennis\/wp-content\/uploads\/2023\/07\/H1_Pokalsieg_23-268x300.jpg\" alt=\"\" width=\"342\" height=\"383\" srcset=\"https:\/\/www.vfl-kirchheim.de\/tischtennis\/wp-content\/uploads\/2023\/07\/H1_Pokalsieg_23-268x300.jpg 268w, https:\/\/www.vfl-kirchheim.de\/tischtennis\/wp-content\/uploads\/2023\/07\/H1_Pokalsieg_23.jpg 358w\" sizes=\"(max-width: 342px) 100vw, 342px\" \/><\/p>\n<p style=\"text-align: center;\"><em>Herren 1 mit Dominik Goll, Mathias Gantert, Manuel Mangold und Armin Alicic<\/em><\/p>\n<p>Ebenfalls als Tabellenzweiter konnten die Herren 6 in der Relegation gegen den TTC Esslingen \u00fcberzeugen und kompensieren damit den Abstieg der F\u00fcnften, sodass n\u00e4chste Saison wieder ein VfL-Team in der Bezirksliga aufschlagen wird.<\/p>\n<p><img decoding=\"async\" loading=\"lazy\" class=\"aligncenter wp-image-1776\" src=\"https:\/\/www.vfl-kirchheim.de\/tischtennis\/wp-content\/uploads\/2023\/07\/H6_Aufstieg_23-300x186.jpg\" alt=\"\" width=\"410\" height=\"254\" \/><\/p>\n<p style=\"text-align: center;\"><em>Herren 6 mit Johann Schatschneider, Christian Gl\u00f6ckner, Thomas Schorradt, Sebastian Steinh\u00fcbl, Jan Nieters, Michael Kadura, Ronald Titze, Simon Steinh\u00fcbl<\/em><\/p>\n<p style=\"text-align: left;\">Ebenfalls Zweiter und damit direkt aufgestiegen in die Kreisliga A sind die Herren 7.<br \/>\nEinen weiteren Titel f\u00fcgten die Herren 1 mit dem Sieg des TTBW Verbandspokals hinzu, was gleichzeitig die Qualifikation f\u00fcr die deutschen Pokalmeisterschaften f\u00fcr Verbandsklassen darstellt. Dort konnte ein 3. Platz erk\u00e4mpft werden.<\/p>\n<p style=\"text-align: center;\"><img decoding=\"async\" loading=\"lazy\" class=\"alignnone size-medium wp-image-1989\" src=\"https:\/\/www.vfl-kirchheim.de\/tischtennis\/wp-content\/uploads\/2023\/09\/Herren1_Pokalmeister_2023-225x300.jpg\" alt=\"\" width=\"225\" height=\"300\" \/><br \/>\n<strong>Allen Meistern und Aufsteigern herzlichen Gl\u00fcckwunsch!!!<\/strong><\/p>\n","protected":false},"excerpt":{"rendered":"<p>Saison 2022 &#8211; 23 Ein Meister und drei weitere Aufstiege kr\u00f6nen eine erfolgreiche Saison Den einzigen Meistertitel der Saison konnte sich die aufstrebende U15-Mannschaft erspielen. Nach dem ungl\u00fccklichen Abstieg aus der Oberliga schaffte die erste Mannschaft nach einem zweiten Platz im Endklassement \u00fcber die Relegation den direkten Wiederaufstieg. Herren 1 mit Dominik Goll, Mathias Gantert, [&hellip;]<\/p>\n","protected":false},"author":2,"featured_media":0,"parent":0,"menu_order":0,"comment_status":"closed","ping_status":"closed","template":"","meta":{"_et_pb_use_builder":"","_et_pb_old_content":"","_et_gb_content_width":"","ngg_post_thumbnail":0},"_links":{"self":[{"href":"https:\/\/www.vfl-kirchheim.de\/tischtennis\/wp-json\/wp\/v2\/pages\/1778"}],"collection":[{"href":"https:\/\/www.vfl-kirchheim.de\/tischtennis\/wp-json\/wp\/v2\/pages"}],"about":[{"href":"https:\/\/www.vfl-kirchheim.de\/tischtennis\/wp-json\/wp\/v2\/types\/page"}],"author":[{"embeddable":true,"href":"https:\/\/www.vfl-kirchheim.de\/tischtennis\/wp-json\/wp\/v2\/users\/2"}],"replies":[{"embeddable":true,"href":"https:\/\/www.vfl-kirchheim.de\/tischtennis\/wp-json\/wp\/v2\/comments?post=1778"}],"version-history":[{"count":3,"href":"https:\/\/www.vfl-kirchheim.de\/tischtennis\/wp-json\/wp\/v2\/pages\/1778\/revisions"}],"predecessor-version":[{"id":1990,"href":"https:\/\/www.vfl-kirchheim.de\/tischtennis\/wp-json\/wp\/v2\/pages\/1778\/revisions\/1990"}],"wp:attachment":[{"href":"https:\/\/www.vfl-kirchheim.de\/tischtennis\/wp-json\/wp\/v2\/media?parent=1778"}],"curies":[{"name":"wp","href":"https:\/\/api.w.org\/{rel}","templated":true}]}}

<h2><strong>Saison 2022 &#8211; 23</strong></h2>
<p><strong>Ein Meister und drei weitere Aufstiege krönen eine erfolgreiche Saison</strong><br />
Den einzigen Meistertitel der Saison konnte sich die aufstrebende U15-Mannschaft erspielen.<br />
Nach dem unglücklichen Abstieg aus der Oberliga schaffte die erste Mannschaft nach einem zweiten Platz im Endklassement über die Relegation den direkten Wiederaufstieg.</p>
<p><img decoding="async" loading="lazy" class=" wp-image-1775 aligncenter" src="https://www.vfl-kirchheim.de/tischtennis/wp-content/uploads/2023/07/H1_Pokalsieg_23-268x300.jpg" alt="" width="342" height="383" srcset="https://www.vfl-kirchheim.de/tischtennis/wp-content/uploads/2023/07/H1_Pokalsieg_23-268x300.jpg 268w, https://www.vfl-kirchheim.de/tischtennis/wp-content/uploads/2023/07/H1_Pokalsieg_23.jpg 358w" sizes="(max-width: 342px) 100vw, 342px" /></p>
<p style="text-align: center;"><em>Herren 1 mit Dominik Goll, Mathias Gantert, Manuel Mangold und Armin Alicic</em></p>
<p>Ebenfalls als Tabellenzweiter konnten die Herren 6 in der Relegation gegen den TTC Esslingen überzeugen und kompensieren damit den Abstieg der Fünften, sodass nächste Saison wieder ein VfL-Team in der Bezirksliga aufschlagen wird.</p>
<p><img decoding="async" loading="lazy" class="aligncenter wp-image-1776" src="https://www.vfl-kirchheim.de/tischtennis/wp-content/uploads/2023/07/H6_Aufstieg_23-300x186.jpg" alt="" width="410" height="254" /></p>
<p style="text-align: center;"><em>Herren 6 mit Johann Schatschneider, Christian Glöckner, Thomas Schorradt, Sebastian Steinhübl, Jan Nieters, Michael Kadura, Ronald Titze, Simon Steinhübl</em></p>
<p style="text-align: left;">Ebenfalls Zweiter und damit direkt aufgestiegen in die Kreisliga A sind die Herren 7.<br />
Einen weiteren Titel fügten die Herren 1 mit dem Sieg des TTBW Verbandspokals hinzu, was gleichzeitig die Qualifikation für die deutschen Pokalmeisterschaften für Verbandsklassen darstellt. Dort konnte ein 3. Platz erkämpft werden.</p>
<p style="text-align: center;"><img decoding="async" loading="lazy" class="alignnone size-medium wp-image-1989" src="https://www.vfl-kirchheim.de/tischtennis/wp-content/uploads/2023/09/Herren1_Pokalmeister_2023-225x300.jpg" alt="" width="225" height="300" /><br />
<strong>Allen Meistern und Aufsteigern herzlichen Glückwunsch!!!</strong></p>

<p>Saison 2022 &#8211; 23 Ein Meister und drei weitere Aufstiege krönen eine erfolgreiche Saison Den einzigen Meistertitel der Saison konnte sich die aufstrebende U15-Mannschaft erspielen. Nach dem unglücklichen Abstieg aus der Oberliga schaffte die erste Mannschaft nach einem zweiten Platz im Endklassement über die Relegation den direkten Wiederaufstieg. Herren 1 mit Dominik Goll, Mathias Gantert, [&hellip;]</p>
